{"id":279,"date":"2024-04-23T12:39:38","date_gmt":"2024-04-23T09:39:38","guid":{"rendered":"https:\/\/svenskanu.fi\/laromaterial\/navigerainorden\/?page_id=279"},"modified":"2024-11-20T10:07:24","modified_gmt":"2024-11-20T08:07:24","slug":"intervju-med-en-13-arig-ishockeyspelare","status":"publish","type":"page","link":"https:\/\/svenskanu.fi\/laromaterial\/navigerainorden\/intervju-med-en-13-arig-ishockeyspelare\/","title":{"rendered":"Intervju med en 13-\u00e5rig ishockeyspelare\u00a0"},"content":{"rendered":"\t\t<div data-elementor-type=\"wp-page\" data-elementor-id=\"279\" class=\"elementor elementor-279\" data-elementor-post-type=\"page\">\n\t\t\t\t<div class=\"elementor-element elementor-element-ac8bbf4 e-con-full e-flex e-con e-parent\" data-id=\"ac8bbf4\" data-element_type=\"container\" data-e-type=\"container\">\n\t\t\t\t<div class=\"elementor-element elementor-element-7cbfc66 elementor-widget elementor-widget-image\" data-id=\"7cbfc66\" data-element_type=\"widget\" data-e-type=\"widget\" data-widget_type=\"image.default\">\n\t\t\t\t<div class=\"elementor-widget-container\">\n\t\t\t\t\t\t\t\t\t\t\t\t\t\t\t<img decoding=\"async\" src=\"https:\/\/svenskanu.fi\/laromaterial\/navigerainorden\/wp-content\/uploads\/elementor\/thumbs\/12_1-qn9ohahzkreraxw1acr2z6kz4gm5odb8qcf00cbqmg.png\" title=\"12_1\" alt=\"12_1\" loading=\"lazy\" \/>\t\t\t\t\t\t\t\t\t\t\t\t\t\t\t<\/div>\n\t\t\t\t<\/div>\n\t\t\t\t<\/div>\n\t\t<div class=\"elementor-element elementor-element-cf3c666 e-flex e-con-boxed e-con e-parent\" data-id=\"cf3c666\" data-element_type=\"container\" data-e-type=\"container\">\n\t\t\t\t\t<div class=\"e-con-inner\">\n\t\t\t\t<div class=\"elementor-element elementor-element-601b9df elementor-widget elementor-widget-spacer\" data-id=\"601b9df\" data-element_type=\"widget\" data-e-type=\"widget\" data-widget_type=\"spacer.default\">\n\t\t\t\t<div class=\"elementor-widget-container\">\n\t\t\t\t\t\t\t<div class=\"elementor-spacer\">\n\t\t\t<div class=\"elementor-spacer-inner\"><\/div>\n\t\t<\/div>\n\t\t\t\t\t\t<\/div>\n\t\t\t\t<\/div>\n\t\t\t\t<div class=\"elementor-element elementor-element-ecee470 elementor-widget elementor-widget-heading\" data-id=\"ecee470\" data-element_type=\"widget\" data-e-type=\"widget\" data-widget_type=\"heading.default\">\n\t\t\t\t<div class=\"elementor-widget-container\">\n\t\t\t\t\t<h3 class=\"elementor-heading-title elementor-size-default\">Intervju med en 13-\u00e5rig ishockeyspelare <\/h3>\t\t\t\t<\/div>\n\t\t\t\t<\/div>\n\t\t\t\t<div class=\"elementor-element elementor-element-b32424b elementor-widget elementor-widget-spacer\" data-id=\"b32424b\" data-element_type=\"widget\" data-e-type=\"widget\" data-widget_type=\"spacer.default\">\n\t\t\t\t<div class=\"elementor-widget-container\">\n\t\t\t\t\t\t\t<div class=\"elementor-spacer\">\n\t\t\t<div class=\"elementor-spacer-inner\"><\/div>\n\t\t<\/div>\n\t\t\t\t\t\t<\/div>\n\t\t\t\t<\/div>\n\t\t\t\t\t<\/div>\n\t\t\t\t<\/div>\n\t\t<div class=\"elementor-element elementor-element-64148a6 e-flex e-con-boxed e-con e-parent\" data-id=\"64148a6\" data-element_type=\"container\" data-e-type=\"container\">\n\t\t\t\t\t<div class=\"e-con-inner\">\n\t\t\t\t<div class=\"elementor-element elementor-element-514ccbd elementor-widget elementor-widget-text-editor\" data-id=\"514ccbd\" data-element_type=\"widget\" data-e-type=\"widget\" data-widget_type=\"text-editor.default\">\n\t\t\t\t<div class=\"elementor-widget-container\">\n\t\t\t\t\t\t\t\t\t<p><b><span data-contrast=\"none\">Intervjuaren: <\/span><\/b><span data-contrast=\"none\">Kan du ber\u00e4tta lite om dig sj\u00e4lv.<\/span><span data-ccp-props=\"{}\">\u00a0<\/span><\/p><p><b><span data-contrast=\"none\">Elin: <\/span><\/b><span data-contrast=\"none\">Jag heter Elin Karlsson och \u00e4r 13 \u00e5r gammal. Jag spelar ishockey i Helsingfors IFK och min position \u00e4r center.<\/span><span data-ccp-props=\"{}\">\u00a0<\/span><\/p><p><b><span data-contrast=\"none\">Intervjuaren: <\/span><\/b><span data-contrast=\"none\">Hur l\u00e4nge har du spelat ishockey?<\/span><span data-ccp-props=\"{}\">\u00a0<\/span><\/p><p><b><span data-contrast=\"none\">Elin<\/span><\/b><span data-contrast=\"none\">: Jag har spelat ishockey sedan jag var 6 \u00e5r gammal.<\/span><span data-ccp-props=\"{}\">\u00a0<\/span><\/p><p><b><span data-contrast=\"none\">Intervjuaren: <\/span><\/b><span data-contrast=\"none\">Vad \u00e4r det b\u00e4sta med att spela ishockey?<\/span><span data-ccp-props=\"{}\">\u00a0<\/span><\/p><p><b><span data-contrast=\"none\">Elin: <\/span><\/b><span data-contrast=\"none\">Det b\u00e4sta med att spela ishockey \u00e4r att det \u00e4r s\u00e5 roligt! Jag \u00e4lskar att vara p\u00e5 isen med mina lagkamrater och t\u00e4vla. Det \u00e4r ocks\u00e5 en bra utmaning att hela tiden str\u00e4va efter att bli b\u00e4ttre.<\/span><\/p>\t\t\t\t\t\t\t\t<\/div>\n\t\t\t\t<\/div>\n\t\t\t\t\t<\/div>\n\t\t\t\t<\/div>\n\t\t<div class=\"elementor-element elementor-element-6e4293c e-flex e-con-boxed e-con e-parent\" data-id=\"6e4293c\" data-element_type=\"container\" data-e-type=\"container\">\n\t\t\t\t\t<div class=\"e-con-inner\">\n\t\t<div class=\"elementor-element elementor-element-567274d e-con-full e-flex e-con e-child\" data-id=\"567274d\" data-element_type=\"container\" data-e-type=\"container\">\n\t\t\t\t<div class=\"elementor-element elementor-element-42543b0 elementor-widget elementor-widget-text-editor\" data-id=\"42543b0\" data-element_type=\"widget\" data-e-type=\"widget\" data-widget_type=\"text-editor.default\">\n\t\t\t\t<div class=\"elementor-widget-container\">\n\t\t\t\t\t\t\t\t\t<p><b><span data-contrast=\"none\">Intervjuaren: <\/span><\/b><span data-contrast=\"none\">Vad \u00e4r det roligaste du har gjort med ditt lag?<\/span><span data-ccp-props=\"{}\">\u00a0<\/span><\/p><p><b><span data-contrast=\"none\">Elin: <\/span><\/b><span data-contrast=\"none\">Det roligaste jag har gjort med mitt lag var n\u00e4r vi vann turneringen i Tammerfors f\u00f6rra \u00e5ret. Det var en riktig lagseger och vi var alla s\u00e5 glada!<\/span><span data-ccp-props=\"{}\">\u00a0<\/span><span data-ccp-props=\"{}\">\u00a0<\/span><\/p><p><b><span data-contrast=\"none\">Intervjuaren: <\/span><\/b><span data-contrast=\"none\">Vad har du f\u00f6r tips till andra tjejer som vill b\u00f6rja spela ishockey?<\/span><span data-ccp-props=\"{}\">\u00a0<\/span><\/p><p><b><span data-contrast=\"none\">Elin: <\/span><\/b><span data-contrast=\"none\">Mitt tips till andra tjejer som vill b\u00f6rja spela ishockey \u00e4r att bara g\u00f6ra det! Det \u00e4r en fantastisk sport som alla kan njuta av. Det \u00e4r inte farligt att prova och det finns m\u00e5nga bra lag och tr\u00e4nare som kan hj\u00e4lpa dig att komma ig\u00e5ng.<\/span><span data-ccp-props=\"{}\">\u00a0<\/span><\/p><p><b><span data-contrast=\"none\">Intervjuaren: <\/span><\/b><span data-contrast=\"none\">Hur ser en typisk dag ut f\u00f6r dig?<\/span><span data-ccp-props=\"{}\">\u00a0<\/span><\/p><p><b><span data-contrast=\"none\">Elin: <\/span><\/b><span data-contrast=\"none\">En typisk dag f\u00f6r mig b\u00f6rjar med att jag g\u00e5r till skolan. Efter skolan \u00e5ker jag hem och g\u00f6r mina l\u00e4xor. Sedan har jag ofta ishockeytr\u00e4ning p\u00e5 kv\u00e4llen. P\u00e5 helgerna har jag ofta matcher eller turneringar.<\/span><span data-ccp-props=\"{}\">\u00a0<\/span><\/p>\t\t\t\t\t\t\t\t<\/div>\n\t\t\t\t<\/div>\n\t\t\t\t<\/div>\n\t\t<div class=\"elementor-element elementor-element-615ffcb e-con-full e-flex e-con e-child\" data-id=\"615ffcb\" data-element_type=\"container\" data-e-type=\"container\">\n\t\t\t\t<div class=\"elementor-element elementor-element-bc0d0f6 elementor-widget elementor-widget-image\" data-id=\"bc0d0f6\" data-element_type=\"widget\" data-e-type=\"widget\" data-widget_type=\"image.default\">\n\t\t\t\t<div class=\"elementor-widget-container\">\n\t\t\t\t\t\t\t\t\t\t\t\t\t\t\t<img decoding=\"async\" src=\"https:\/\/svenskanu.fi\/laromaterial\/navigerainorden\/wp-content\/uploads\/elementor\/thumbs\/john-mcarthur-nX-hT9lR5QA-unsplash-scaled-qn4m9810r4sbc7o17t8yfj76sk608zi383avhls688.jpg\" title=\"john-mcarthur-nX-hT9lR5QA-unsplash\" alt=\"john-mcarthur-nX-hT9lR5QA-unsplash\" loading=\"lazy\" \/>\t\t\t\t\t\t\t\t\t\t\t\t\t\t\t<\/div>\n\t\t\t\t<\/div>\n\t\t\t\t<\/div>\n\t\t\t\t\t<\/div>\n\t\t\t\t<\/div>\n\t\t<div class=\"elementor-element elementor-element-aa14cf7 e-flex e-con-boxed e-con e-parent\" data-id=\"aa14cf7\" data-element_type=\"container\" data-e-type=\"container\">\n\t\t\t\t\t<div class=\"e-con-inner\">\n\t\t\t\t<div class=\"elementor-element elementor-element-80b0a58 elementor-widget elementor-widget-text-editor\" data-id=\"80b0a58\" data-element_type=\"widget\" data-e-type=\"widget\" data-widget_type=\"text-editor.default\">\n\t\t\t\t<div class=\"elementor-widget-container\">\n\t\t\t\t\t\t\t\t\t<p><b><span data-contrast=\"none\">Intervjuaren: <\/span><\/b><span data-contrast=\"none\">Hur balanserar du skolan och ishockeyn?<\/span><span data-ccp-props=\"{}\">\u00a0<\/span><\/p><p><b><span data-contrast=\"none\">Elin: <\/span><\/b><span data-contrast=\"none\">Det kan ibland vara sv\u00e5rt att balansera skolan och ishockeyn, men jag tycker att det \u00e4r viktigt att ha en bra balans mellan de tv\u00e5. Jag f\u00f6rs\u00f6ker g\u00f6ra mina l\u00e4xor i tid och planera min tid s\u00e5 att jag har tid f\u00f6r b\u00e5de skolan och ishockeyn.<\/span><span data-ccp-props=\"{}\">\u00a0<\/span><\/p><p><b><span data-contrast=\"none\">Intervjuaren: <\/span><\/b><span data-contrast=\"none\">Vad \u00e4r dina dr\u00f6mmar f\u00f6r framtiden?<\/span><span data-ccp-props=\"{}\">\u00a0<\/span><\/p><p><b><span data-contrast=\"none\">Elin: <\/span><\/b><span data-contrast=\"none\">Mina dr\u00f6mmar f\u00f6r framtiden \u00e4r att representera Finland i OS. Jag vet att det kr\u00e4vs mycket h\u00e5rt arbete, men jag \u00e4r redo att ge allt jag har.<\/span><span data-ccp-props=\"{}\">\u00a0<\/span><\/p>\t\t\t\t\t\t\t\t<\/div>\n\t\t\t\t<\/div>\n\t\t\t\t\t<\/div>\n\t\t\t\t<\/div>\n\t\t<div class=\"elementor-element elementor-element-51b8783 e-flex e-con-boxed e-con e-parent\" data-id=\"51b8783\" data-element_type=\"container\" data-e-type=\"container\">\n\t\t\t\t\t<div class=\"e-con-inner\">\n\t\t<div class=\"elementor-element elementor-element-2fce8f3 e-con-full e-flex e-con e-child\" data-id=\"2fce8f3\" data-element_type=\"container\" data-e-type=\"container\">\n\t\t\t\t<div class=\"elementor-element elementor-element-0ce6108 elementor-widget elementor-widget-image\" data-id=\"0ce6108\" data-element_type=\"widget\" data-e-type=\"widget\" data-widget_type=\"image.default\">\n\t\t\t\t<div class=\"elementor-widget-container\">\n\t\t\t\t\t\t\t\t\t\t\t\t\t\t\t<img decoding=\"async\" src=\"https:\/\/svenskanu.fi\/laromaterial\/navigerainorden\/wp-content\/uploads\/elementor\/thumbs\/april-walker-Q0mqSprtb4s-unsplash-scaled-qn4mdlxxv5hid5eo06aozv6xbk236k9m4oim3qlhj6.jpg\" title=\"april-walker-Q0mqSprtb4s-unsplash\" alt=\"april-walker-Q0mqSprtb4s-unsplash\" loading=\"lazy\" \/>\t\t\t\t\t\t\t\t\t\t\t\t\t\t\t<\/div>\n\t\t\t\t<\/div>\n\t\t\t\t<\/div>\n\t\t<div class=\"elementor-element elementor-element-b04abf9 e-con-full e-flex e-con e-child\" data-id=\"b04abf9\" data-element_type=\"container\" data-e-type=\"container\">\n\t\t\t\t<div class=\"elementor-element elementor-element-e50b067 elementor-widget elementor-widget-text-editor\" data-id=\"e50b067\" data-element_type=\"widget\" data-e-type=\"widget\" data-widget_type=\"text-editor.default\">\n\t\t\t\t<div class=\"elementor-widget-container\">\n\t\t\t\t\t\t\t\t\t<p><b><span data-contrast=\"none\">Intervjuaren: <\/span><\/b><span data-contrast=\"none\">Vilken finsk ishockeyspelare beundrar du mest och varf\u00f6r?<\/span><span data-ccp-props=\"{}\">\u00a0<\/span><\/p><p><b><span data-contrast=\"none\">Elin:<\/span><\/b><span data-contrast=\"none\"> Jag beundrar Jari Kurri mest. Han var en fantastisk spelare som vann Stanley Cup fem g\u00e5nger med Edmonton Oilers. Han var ocks\u00e5 en stor ledare och en f\u00f6rebild f\u00f6r m\u00e5nga unga finska hockeyspelare.<\/span><span data-ccp-props=\"{}\">\u00a0<\/span><\/p><p><b><span data-contrast=\"none\">Intervjuaren: <\/span><\/b>Hur inspirerar han dig?\u00a0<\/p><p><b><span data-contrast=\"none\">Elin:<\/span><\/b><span data-contrast=\"none\"> Han inspirerar mig att alltid str\u00e4va efter att bli b\u00e4ttre. Han visade att det \u00e4r m\u00f6jligt att komma fr\u00e5n Finland och bli en av de b\u00e4sta spelarna i v\u00e4rlden.<\/span><span data-ccp-props=\"{}\">\u00a0<\/span><\/p>\t\t\t\t\t\t\t\t<\/div>\n\t\t\t\t<\/div>\n\t\t\t\t<\/div>\n\t\t\t\t\t<\/div>\n\t\t\t\t<\/div>\n\t\t<div class=\"elementor-element elementor-element-c8cea06 e-flex e-con-boxed e-con e-parent\" data-id=\"c8cea06\" data-element_type=\"container\" data-e-type=\"container\">\n\t\t\t\t\t<div class=\"e-con-inner\">\n\t\t\t\t<div class=\"elementor-element elementor-element-e59537f elementor-widget-divider--view-line elementor-widget elementor-widget-divider\" data-id=\"e59537f\" data-element_type=\"widget\" data-e-type=\"widget\" data-widget_type=\"divider.default\">\n\t\t\t\t<div class=\"elementor-widget-container\">\n\t\t\t\t\t\t\t<div class=\"elementor-divider\">\n\t\t\t<span class=\"elementor-divider-separator\">\n\t\t\t\t\t\t<\/span>\n\t\t<\/div>\n\t\t\t\t\t\t<\/div>\n\t\t\t\t<\/div>\n\t\t\t\t\t<\/div>\n\t\t\t\t<\/div>\n\t\t<div class=\"elementor-element elementor-element-d436d37 e-flex e-con-boxed e-con e-parent\" data-id=\"d436d37\" data-element_type=\"container\" data-e-type=\"container\">\n\t\t\t\t\t<div class=\"e-con-inner\">\n\t\t\t\t<div class=\"elementor-element elementor-element-11e0889 elementor-widget elementor-widget-heading\" data-id=\"11e0889\" data-element_type=\"widget\" data-e-type=\"widget\" data-widget_type=\"heading.default\">\n\t\t\t\t<div class=\"elementor-widget-container\">\n\t\t\t\t\t<h3 class=\"elementor-heading-title elementor-size-default\">1. Fr\u00e5gor<\/h3>\t\t\t\t<\/div>\n\t\t\t\t<\/div>\n\t\t\t\t\t<\/div>\n\t\t\t\t<\/div>\n\t\t<div class=\"elementor-element elementor-element-ec064e5 e-flex e-con-boxed e-con e-parent\" data-id=\"ec064e5\" data-element_type=\"container\" data-e-type=\"container\">\n\t\t\t\t\t<div class=\"e-con-inner\">\n\t\t\t\t<div class=\"elementor-element elementor-element-5b97de9 elementor-widget elementor-widget-text-editor\" data-id=\"5b97de9\" data-element_type=\"widget\" data-e-type=\"widget\" data-widget_type=\"text-editor.default\">\n\t\t\t\t<div class=\"elementor-widget-container\">\n\t\t\t\t\t\t\t\t\t<ol><li>Hur gammal \u00e4r Elin?<\/li><li>Vilken position har hon i laget?<\/li><li>Vad \u00e4r det b\u00e4sta med att spela ishockey, enligt Elin?<\/li><li><span class=\"TextRun SCXW33868237 BCX0\" lang=\"FI\" xml:lang=\"FI\" data-contrast=\"none\"><span class=\"NormalTextRun SCXW33868237 BCX0\">Vad har hon f\u00f6r tips till andra tjejer som vill b\u00f6rja spela ishockey?<\/span><\/span><\/li><li><span class=\"TextRun SCXW107969202 BCX0\" lang=\"FI\" xml:lang=\"FI\" data-contrast=\"none\"><span class=\"NormalTextRun SCXW107969202 BCX0\">Hur inspirerar Jari Kurri henne?<\/span><\/span><\/li><\/ol>\t\t\t\t\t\t\t\t<\/div>\n\t\t\t\t<\/div>\n\t\t\t\t\t<\/div>\n\t\t\t\t<\/div>\n\t\t<div class=\"elementor-element elementor-element-5f07802 e-flex e-con-boxed e-con e-parent\" data-id=\"5f07802\" data-element_type=\"container\" data-e-type=\"container\">\n\t\t\t\t\t<div class=\"e-con-inner\">\n\t\t\t\t<div class=\"elementor-element elementor-element-6ac029c elementor-widget elementor-widget-spacer\" data-id=\"6ac029c\" data-element_type=\"widget\" data-e-type=\"widget\" data-widget_type=\"spacer.default\">\n\t\t\t\t<div class=\"elementor-widget-container\">\n\t\t\t\t\t\t\t<div class=\"elementor-spacer\">\n\t\t\t<div class=\"elementor-spacer-inner\"><\/div>\n\t\t<\/div>\n\t\t\t\t\t\t<\/div>\n\t\t\t\t<\/div>\n\t\t\t\t\t<\/div>\n\t\t\t\t<\/div>\n\t\t<div class=\"elementor-element elementor-element-12b8ef6 e-flex e-con-boxed e-con e-parent\" data-id=\"12b8ef6\" data-element_type=\"container\" data-e-type=\"container\">\n\t\t\t\t\t<div class=\"e-con-inner\">\n\t\t\t\t<div class=\"elementor-element elementor-element-1c5d50d elementor-widget elementor-widget-heading\" data-id=\"1c5d50d\" data-element_type=\"widget\" data-e-type=\"widget\" data-widget_type=\"heading.default\">\n\t\t\t\t<div class=\"elementor-widget-container\">\n\t\t\t\t\t<h3 class=\"elementor-heading-title elementor-size-default\">2. Verb\u00f6vning<\/h3>\t\t\t\t<\/div>\n\t\t\t\t<\/div>\n\t\t\t\t\t<\/div>\n\t\t\t\t<\/div>\n\t\t<div class=\"elementor-element elementor-element-8c48e7e e-flex e-con-boxed e-con e-parent\" data-id=\"8c48e7e\" data-element_type=\"container\" data-e-type=\"container\">\n\t\t\t\t\t<div class=\"e-con-inner\">\n\t\t\t\t<div class=\"elementor-element elementor-element-f29c7cd elementor-widget elementor-widget-toggle\" data-id=\"f29c7cd\" data-element_type=\"widget\" data-e-type=\"widget\" data-widget_type=\"toggle.default\">\n\t\t\t\t<div class=\"elementor-widget-container\">\n\t\t\t\t\t\t\t<div class=\"elementor-toggle\">\n\t\t\t\t\t\t\t<div class=\"elementor-toggle-item\">\n\t\t\t\t\t<div id=\"elementor-tab-title-2541\" class=\"elementor-tab-title\" data-tab=\"1\" role=\"button\" aria-controls=\"elementor-tab-content-2541\" aria-expanded=\"false\">\n\t\t\t\t\t\t\t\t\t\t\t\t<span class=\"elementor-toggle-icon elementor-toggle-icon-left\" aria-hidden=\"true\">\n\t\t\t\t\t\t\t\t\t\t\t\t\t\t\t<span class=\"elementor-toggle-icon-closed\"><svg class=\"e-font-icon-svg e-fas-caret-right\" viewBox=\"0 0 192 512\" xmlns=\"http:\/\/www.w3.org\/2000\/svg\"><path d=\"M0 384.662V127.338c0-17.818 21.543-26.741 34.142-14.142l128.662 128.662c7.81 7.81 7.81 20.474 0 28.284L34.142 398.804C21.543 411.404 0 402.48 0 384.662z\"><\/path><\/svg><\/span>\n\t\t\t\t\t\t\t\t<span class=\"elementor-toggle-icon-opened\"><svg class=\"elementor-toggle-icon-opened e-font-icon-svg e-fas-caret-up\" viewBox=\"0 0 320 512\" xmlns=\"http:\/\/www.w3.org\/2000\/svg\"><path d=\"M288.662 352H31.338c-17.818 0-26.741-21.543-14.142-34.142l128.662-128.662c7.81-7.81 20.474-7.81 28.284 0l128.662 128.662c12.6 12.599 3.676 34.142-14.142 34.142z\"><\/path><\/svg><\/span>\n\t\t\t\t\t\t\t\t\t\t\t\t\t<\/span>\n\t\t\t\t\t\t\t\t\t\t\t\t<a class=\"elementor-toggle-title\" tabindex=\"0\">Fyll i tabellen. Skriv sedan n\u00e5gra meningar d\u00e4r du anv\u00e4nder dig av verb som ing\u00e5r i tabellen.<\/a>\n\t\t\t\t\t<\/div>\n\n\t\t\t\t\t<div id=\"elementor-tab-content-2541\" class=\"elementor-tab-content elementor-clearfix\" data-tab=\"1\" role=\"region\" aria-labelledby=\"elementor-tab-title-2541\"><iframe src=\"https:\/\/learningapps.org\/watch?v=pgkrorvcc24\" style=\"border:0px;width:100%;height:500px\" allowfullscreen=\"true\" webkitallowfullscreen=\"true\" mozallowfullscreen=\"true\"><\/iframe><\/div>\n\t\t\t\t<\/div>\n\t\t\t\t\t\t\t\t<\/div>\n\t\t\t\t\t\t<\/div>\n\t\t\t\t<\/div>\n\t\t\t\t\t<\/div>\n\t\t\t\t<\/div>\n\t\t<div class=\"elementor-element elementor-element-bd8b719 e-flex e-con-boxed e-con e-parent\" data-id=\"bd8b719\" data-element_type=\"container\" data-e-type=\"container\">\n\t\t\t\t\t<div class=\"e-con-inner\">\n\t\t\t\t<div class=\"elementor-element elementor-element-152bff4 elementor-widget elementor-widget-spacer\" data-id=\"152bff4\" data-element_type=\"widget\" data-e-type=\"widget\" data-widget_type=\"spacer.default\">\n\t\t\t\t<div class=\"elementor-widget-container\">\n\t\t\t\t\t\t\t<div class=\"elementor-spacer\">\n\t\t\t<div class=\"elementor-spacer-inner\"><\/div>\n\t\t<\/div>\n\t\t\t\t\t\t<\/div>\n\t\t\t\t<\/div>\n\t\t\t\t\t<\/div>\n\t\t\t\t<\/div>\n\t\t\t\t<\/div>\n\t\t","protected":false},"excerpt":{"rendered":"<p>Intervju med en 13-\u00e5rig ishockeyspelare Intervjuaren: Kan du ber\u00e4tta lite om dig sj\u00e4lv.\u00a0 Elin: Jag heter Elin Karlsson och \u00e4r 13 \u00e5r gammal. Jag spelar ishockey i Helsingfors IFK och min position \u00e4r center.\u00a0 Intervjuaren: Hur l\u00e4nge har du spelat ishockey?\u00a0 Elin: Jag har spelat ishockey sedan jag var 6 \u00e5r gammal.\u00a0 Intervjuaren: Vad \u00e4r [&hellip;]<\/p>\n","protected":false},"author":2,"featured_media":0,"parent":0,"menu_order":0,"comment_status":"closed","ping_status":"closed","template":"elementor_header_footer","meta":{"footnotes":""},"class_list":["post-279","page","type-page","status-publish","hentry"],"_links":{"self":[{"href":"https:\/\/svenskanu.fi\/laromaterial\/navigerainorden\/wp-json\/wp\/v2\/pages\/279","targetHints":{"allow":["GET"]}}],"collection":[{"href":"https:\/\/svenskanu.fi\/laromaterial\/navigerainorden\/wp-json\/wp\/v2\/pages"}],"about":[{"href":"https:\/\/svenskanu.fi\/laromaterial\/navigerainorden\/wp-json\/wp\/v2\/types\/page"}],"author":[{"embeddable":true,"href":"https:\/\/svenskanu.fi\/laromaterial\/navigerainorden\/wp-json\/wp\/v2\/users\/2"}],"replies":[{"embeddable":true,"href":"https:\/\/svenskanu.fi\/laromaterial\/navigerainorden\/wp-json\/wp\/v2\/comments?post=279"}],"version-history":[{"count":43,"href":"https:\/\/svenskanu.fi\/laromaterial\/navigerainorden\/wp-json\/wp\/v2\/pages\/279\/revisions"}],"predecessor-version":[{"id":3144,"href":"https:\/\/svenskanu.fi\/laromaterial\/navigerainorden\/wp-json\/wp\/v2\/pages\/279\/revisions\/3144"}],"wp:attachment":[{"href":"https:\/\/svenskanu.fi\/laromaterial\/navigerainorden\/wp-json\/wp\/v2\/media?parent=279"}],"curies":[{"name":"wp","href":"https:\/\/api.w.org\/{rel}","templated":true}]}}