{"id":311,"date":"2024-04-23T13:18:14","date_gmt":"2024-04-23T10:18:14","guid":{"rendered":"https:\/\/svenskanu.fi\/laromaterial\/navigerainorden\/?page_id=311"},"modified":"2024-11-20T10:07:13","modified_gmt":"2024-11-20T08:07:13","slug":"gronland-varldens-storsta-o","status":"publish","type":"page","link":"https:\/\/svenskanu.fi\/laromaterial\/navigerainorden\/gronland-varldens-storsta-o\/","title":{"rendered":"Gr\u00f6nland, v\u00e4rldens st\u00f6rsta \u00f6\u00a0"},"content":{"rendered":"\t\t<div data-elementor-type=\"wp-page\" data-elementor-id=\"311\" class=\"elementor elementor-311\" data-elementor-post-type=\"page\">\n\t\t\t\t<div class=\"elementor-element elementor-element-e8405ea e-con-full e-flex e-con e-parent\" data-id=\"e8405ea\" data-element_type=\"container\" data-e-type=\"container\">\n\t\t\t\t<div class=\"elementor-element elementor-element-307a7ff elementor-widget elementor-widget-image\" data-id=\"307a7ff\" data-element_type=\"widget\" data-e-type=\"widget\" data-widget_type=\"image.default\">\n\t\t\t\t<div class=\"elementor-widget-container\">\n\t\t\t\t\t\t\t\t\t\t\t\t\t\t\t<img decoding=\"async\" src=\"https:\/\/svenskanu.fi\/laromaterial\/navigerainorden\/wp-content\/uploads\/elementor\/thumbs\/14_1-qn9oiuwaytjynjm4514p4scmrkw6i7j4y3k4sy0494.png\" title=\"14_1\" alt=\"14_1\" loading=\"lazy\" \/>\t\t\t\t\t\t\t\t\t\t\t\t\t\t\t<\/div>\n\t\t\t\t<\/div>\n\t\t\t\t<\/div>\n\t\t<div class=\"elementor-element elementor-element-1837ea1 e-flex e-con-boxed e-con e-parent\" data-id=\"1837ea1\" data-element_type=\"container\" data-e-type=\"container\">\n\t\t\t\t\t<div class=\"e-con-inner\">\n\t\t<div class=\"elementor-element elementor-element-99c67a0 e-flex e-con-boxed e-con e-child\" data-id=\"99c67a0\" data-element_type=\"container\" data-e-type=\"container\">\n\t\t\t\t\t<div class=\"e-con-inner\">\n\t\t\t\t<div class=\"elementor-element elementor-element-fa1585c elementor-widget elementor-widget-spacer\" data-id=\"fa1585c\" data-element_type=\"widget\" data-e-type=\"widget\" data-widget_type=\"spacer.default\">\n\t\t\t\t<div class=\"elementor-widget-container\">\n\t\t\t\t\t\t\t<div class=\"elementor-spacer\">\n\t\t\t<div class=\"elementor-spacer-inner\"><\/div>\n\t\t<\/div>\n\t\t\t\t\t\t<\/div>\n\t\t\t\t<\/div>\n\t\t\t\t<div class=\"elementor-element elementor-element-c2b7554 elementor-widget elementor-widget-heading\" data-id=\"c2b7554\" data-element_type=\"widget\" data-e-type=\"widget\" data-widget_type=\"heading.default\">\n\t\t\t\t<div class=\"elementor-widget-container\">\n\t\t\t\t\t<h3 class=\"elementor-heading-title elementor-size-default\">Gr\u00f6nland, v\u00e4rldens st\u00f6rsta \u00f6<\/h3>\t\t\t\t<\/div>\n\t\t\t\t<\/div>\n\t\t\t\t<div class=\"elementor-element elementor-element-9dc384a elementor-widget elementor-widget-spacer\" data-id=\"9dc384a\" data-element_type=\"widget\" data-e-type=\"widget\" data-widget_type=\"spacer.default\">\n\t\t\t\t<div class=\"elementor-widget-container\">\n\t\t\t\t\t\t\t<div class=\"elementor-spacer\">\n\t\t\t<div class=\"elementor-spacer-inner\"><\/div>\n\t\t<\/div>\n\t\t\t\t\t\t<\/div>\n\t\t\t\t<\/div>\n\t\t\t\t\t<\/div>\n\t\t\t\t<\/div>\n\t\t\t\t\t<\/div>\n\t\t\t\t<\/div>\n\t\t<div class=\"elementor-element elementor-element-9c6f014 e-flex e-con-boxed e-con e-parent\" data-id=\"9c6f014\" data-element_type=\"container\" data-e-type=\"container\">\n\t\t\t\t\t<div class=\"e-con-inner\">\n\t\t\t\t<div class=\"elementor-element elementor-element-1747862 elementor-widget elementor-widget-text-editor\" data-id=\"1747862\" data-element_type=\"widget\" data-e-type=\"widget\" data-widget_type=\"text-editor.default\">\n\t\t\t\t<div class=\"elementor-widget-container\">\n\t\t\t\t\t\t\t\t\t<p><span data-contrast=\"none\">Gr\u00f6nland bjuder p\u00e5 en unik och of\u00f6rgl\u00f6mlig upplevelse. H\u00e4r kan du vandra bland majest\u00e4tiska berg, paddla kajak i kristallklara fjordar, och uppleva den arktiska kulturen p\u00e5 n\u00e4ra h\u00e5ll. Oavsett om du s\u00f6ker sp\u00e4nning och \u00e4ventyr eller en avkopplande naturupplevelse, har Gr\u00f6nland n\u00e5got f\u00f6r dig.<\/span><span data-ccp-props=\"{}\">\u00a0<\/span><\/p><p><span data-contrast=\"none\">I den h\u00e4r texten kommer du att hitta information om popul\u00e4ra fritidsaktiviteter p\u00e5 Gr\u00f6nland.<\/span><span data-ccp-props=\"{}\">\u00a0<\/span><\/p>\t\t\t\t\t\t\t\t<\/div>\n\t\t\t\t<\/div>\n\t\t\t\t\t<\/div>\n\t\t\t\t<\/div>\n\t\t<div class=\"elementor-element elementor-element-ed4a30f e-flex e-con-boxed e-con e-parent\" data-id=\"ed4a30f\" data-element_type=\"container\" data-e-type=\"container\">\n\t\t\t\t\t<div class=\"e-con-inner\">\n\t\t<div class=\"elementor-element elementor-element-4c8353f e-con-full e-flex e-con e-child\" data-id=\"4c8353f\" data-element_type=\"container\" data-e-type=\"container\">\n\t\t\t\t<div class=\"elementor-element elementor-element-a1ea29f elementor-widget elementor-widget-text-editor\" data-id=\"a1ea29f\" data-element_type=\"widget\" data-e-type=\"widget\" data-widget_type=\"text-editor.default\">\n\t\t\t\t<div class=\"elementor-widget-container\">\n\t\t\t\t\t\t\t\t\t<ul><li data-leveltext=\"\u25cf\" data-font=\"Helvetica Neue\" data-listid=\"1\" data-list-defn-props=\"{&quot;335551500&quot;:2039583,&quot;335552541&quot;:1,&quot;335559685&quot;:720,&quot;335559991&quot;:360,&quot;469769226&quot;:&quot;Helvetica Neue&quot;,&quot;469769242&quot;:[8226],&quot;469777803&quot;:&quot;left&quot;,&quot;469777804&quot;:&quot;\u25cf&quot;,&quot;469777815&quot;:&quot;multilevel&quot;}\" aria-setsize=\"-1\" data-aria-posinset=\"1\" data-aria-level=\"1\"><b><span data-contrast=\"none\">Vandring och camping:<\/span><\/b><span data-contrast=\"none\"> Gr\u00f6nland har ett fantastiskt landskap med berg, glaci\u00e4rer och fjordar. Det finns m\u00e5nga vandringsleder att v\u00e4lja mellan, allt fr\u00e5n enkla dagsturer till utmanande flerdagarsturer. Camping \u00e4r ett utm\u00e4rkt s\u00e4tt att uppleva Gr\u00f6nlands natur p\u00e5 n\u00e4ra h\u00e5ll.<\/span><span data-ccp-props=\"{&quot;335559738&quot;:120,&quot;335559739&quot;:120}\">\u00a0<\/span><\/li><\/ul><p><span data-ccp-props=\"{&quot;335559738&quot;:120,&quot;335559739&quot;:120}\">\u00a0<\/span><\/p><ul><li data-leveltext=\"\u25cf\" data-font=\"Helvetica Neue\" data-listid=\"1\" data-list-defn-props=\"{&quot;335551500&quot;:2039583,&quot;335552541&quot;:1,&quot;335559685&quot;:720,&quot;335559991&quot;:360,&quot;469769226&quot;:&quot;Helvetica Neue&quot;,&quot;469769242&quot;:[8226],&quot;469777803&quot;:&quot;left&quot;,&quot;469777804&quot;:&quot;\u25cf&quot;,&quot;469777815&quot;:&quot;multilevel&quot;}\" aria-setsize=\"-1\" data-aria-posinset=\"2\" data-aria-level=\"1\"><b><span data-contrast=\"none\">Kajakpaddling och kanotpaddling:<\/span><\/b><span data-contrast=\"none\"> Kajakpaddling och kanotpaddling \u00e4r ett utm\u00e4rkt s\u00e4tt att utforska Gr\u00f6nlands kustlinje och fjordar. Det finns m\u00e5nga guidade turer tillg\u00e4ngliga, eller s\u00e5 kan du hyra en kajak eller kanot och ge dig ut p\u00e5 egen hand. Att paddla kajak i Gr\u00f6nland \u00e4r en fridfull och utmanande upplevelse. Du kommer att vara omgiven av magnifika naturlandskap, med glaci\u00e4rer, fjordar och berg som tornar upp sig runt dig.<\/span><span data-ccp-props=\"{&quot;335559738&quot;:120,&quot;335559739&quot;:120}\">\u00a0<\/span><\/li><\/ul>\t\t\t\t\t\t\t\t<\/div>\n\t\t\t\t<\/div>\n\t\t\t\t<\/div>\n\t\t<div class=\"elementor-element elementor-element-1efdb57 e-con-full e-flex e-con e-child\" data-id=\"1efdb57\" data-element_type=\"container\" data-e-type=\"container\">\n\t\t\t\t<div class=\"elementor-element elementor-element-243629f elementor-widget elementor-widget-image\" data-id=\"243629f\" data-element_type=\"widget\" data-e-type=\"widget\" data-widget_type=\"image.default\">\n\t\t\t\t<div class=\"elementor-widget-container\">\n\t\t\t\t\t\t\t\t\t\t\t\t\t\t\t<img fetchpriority=\"high\" decoding=\"async\" width=\"800\" height=\"502\" src=\"https:\/\/svenskanu.fi\/laromaterial\/navigerainorden\/wp-content\/uploads\/2024\/04\/mads-schmidt-rasmussen-QnrRw9px8aw-unsplash-1024x643.jpg\" class=\"attachment-large size-large wp-image-315\" alt=\"\" srcset=\"https:\/\/svenskanu.fi\/laromaterial\/navigerainorden\/wp-content\/uploads\/2024\/04\/mads-schmidt-rasmussen-QnrRw9px8aw-unsplash-1024x643.jpg 1024w, https:\/\/svenskanu.fi\/laromaterial\/navigerainorden\/wp-content\/uploads\/2024\/04\/mads-schmidt-rasmussen-QnrRw9px8aw-unsplash-300x189.jpg 300w, https:\/\/svenskanu.fi\/laromaterial\/navigerainorden\/wp-content\/uploads\/2024\/04\/mads-schmidt-rasmussen-QnrRw9px8aw-unsplash-768x483.jpg 768w, https:\/\/svenskanu.fi\/laromaterial\/navigerainorden\/wp-content\/uploads\/2024\/04\/mads-schmidt-rasmussen-QnrRw9px8aw-unsplash-1536x965.jpg 1536w, https:\/\/svenskanu.fi\/laromaterial\/navigerainorden\/wp-content\/uploads\/2024\/04\/mads-schmidt-rasmussen-QnrRw9px8aw-unsplash-2048x1287.jpg 2048w\" sizes=\"(max-width: 800px) 100vw, 800px\" \/>\t\t\t\t\t\t\t\t\t\t\t\t\t\t\t<\/div>\n\t\t\t\t<\/div>\n\t\t\t\t<\/div>\n\t\t\t\t\t<\/div>\n\t\t\t\t<\/div>\n\t\t<div class=\"elementor-element elementor-element-62b3ee7 e-flex e-con-boxed e-con e-parent\" data-id=\"62b3ee7\" data-element_type=\"container\" data-e-type=\"container\">\n\t\t\t\t\t<div class=\"e-con-inner\">\n\t\t<div class=\"elementor-element elementor-element-e6525eb e-con-full e-flex e-con e-child\" data-id=\"e6525eb\" data-element_type=\"container\" data-e-type=\"container\">\n\t\t\t\t<div class=\"elementor-element elementor-element-b1bba53 elementor-widget elementor-widget-image\" data-id=\"b1bba53\" data-element_type=\"widget\" data-e-type=\"widget\" data-widget_type=\"image.default\">\n\t\t\t\t<div class=\"elementor-widget-container\">\n\t\t\t\t\t\t\t\t\t\t\t\t\t\t\t<img decoding=\"async\" src=\"https:\/\/svenskanu.fi\/laromaterial\/navigerainorden\/wp-content\/uploads\/elementor\/thumbs\/piitannguaq-egede-a9NsYcYYt94-unsplash-scaled-qn4ny8pvmt0fvd58b5khq2ppsax7y23ewzis0wmkou.jpg\" title=\"piitannguaq-egede-a9NsYcYYt94-unsplash\" alt=\"piitannguaq-egede-a9NsYcYYt94-unsplash\" loading=\"lazy\" \/>\t\t\t\t\t\t\t\t\t\t\t\t\t\t\t<\/div>\n\t\t\t\t<\/div>\n\t\t\t\t<div class=\"elementor-element elementor-element-e3e5ee8 elementor-widget elementor-widget-spacer\" data-id=\"e3e5ee8\" data-element_type=\"widget\" data-e-type=\"widget\" data-widget_type=\"spacer.default\">\n\t\t\t\t<div class=\"elementor-widget-container\">\n\t\t\t\t\t\t\t<div class=\"elementor-spacer\">\n\t\t\t<div class=\"elementor-spacer-inner\"><\/div>\n\t\t<\/div>\n\t\t\t\t\t\t<\/div>\n\t\t\t\t<\/div>\n\t\t\t\t<div class=\"elementor-element elementor-element-3eaf2e7 elementor-widget elementor-widget-image\" data-id=\"3eaf2e7\" data-element_type=\"widget\" data-e-type=\"widget\" data-widget_type=\"image.default\">\n\t\t\t\t<div class=\"elementor-widget-container\">\n\t\t\t\t\t\t\t\t\t\t\t\t\t\t\t<img decoding=\"async\" src=\"https:\/\/svenskanu.fi\/laromaterial\/navigerainorden\/wp-content\/uploads\/elementor\/thumbs\/francois-falanga-Ok3v8uOV_C4-unsplash-scaled-qn4nwd1hyqfsnfvjacbcqjsj0k6sjumqnojtgzex2m.jpg\" title=\"francois-falanga-Ok3v8uOV_C4-unsplash\" alt=\"francois-falanga-Ok3v8uOV_C4-unsplash\" loading=\"lazy\" \/>\t\t\t\t\t\t\t\t\t\t\t\t\t\t\t<\/div>\n\t\t\t\t<\/div>\n\t\t\t\t<\/div>\n\t\t<div class=\"elementor-element elementor-element-afba985 e-con-full e-flex e-con e-child\" data-id=\"afba985\" data-element_type=\"container\" data-e-type=\"container\">\n\t\t\t\t<div class=\"elementor-element elementor-element-70a0dc6 elementor-widget elementor-widget-text-editor\" data-id=\"70a0dc6\" data-element_type=\"widget\" data-e-type=\"widget\" data-widget_type=\"text-editor.default\">\n\t\t\t\t<div class=\"elementor-widget-container\">\n\t\t\t\t\t\t\t\t\t<ul><li data-leveltext=\"\u25cf\" data-font=\"Helvetica Neue\" data-listid=\"1\" data-list-defn-props=\"{&quot;335551500&quot;:2039583,&quot;335552541&quot;:1,&quot;335559685&quot;:720,&quot;335559991&quot;:360,&quot;469769226&quot;:&quot;Helvetica Neue&quot;,&quot;469769242&quot;:[8226],&quot;469777803&quot;:&quot;left&quot;,&quot;469777804&quot;:&quot;\u25cf&quot;,&quot;469777815&quot;:&quot;multilevel&quot;}\" aria-setsize=\"-1\" data-aria-posinset=\"3\" data-aria-level=\"1\"><b><span data-contrast=\"none\">Hundspann och sn\u00f6skoter\u00e5kning:<\/span><\/b><span data-contrast=\"none\"> Hundspann och sn\u00f6skoter\u00e5kning \u00e4r popul\u00e4ra vinteraktiviteter p\u00e5 Gr\u00f6nland. Det \u00e4r ett utm\u00e4rkt s\u00e4tt att se landet och uppleva den arktiska kulturen. Att \u00e5ka hundspann i Gr\u00f6nland \u00e4r en magisk och fartfylld upplevelse. Du kommer att glida fram genom sn\u00f6t\u00e4ckta landskap och k\u00e4nna kraften hos hundarna som drar dig fram\u00e5t.<\/span><span data-ccp-props=\"{&quot;335559738&quot;:120,&quot;335559739&quot;:120}\">\u00a0<\/span><\/li><\/ul><p><span data-ccp-props=\"{&quot;335559738&quot;:120,&quot;335559739&quot;:120}\">\u00a0<\/span><\/p><ul><li data-leveltext=\"\u25cf\" data-font=\"Helvetica Neue\" data-listid=\"1\" data-list-defn-props=\"{&quot;335551500&quot;:2039583,&quot;335552541&quot;:1,&quot;335559685&quot;:720,&quot;335559991&quot;:360,&quot;469769226&quot;:&quot;Helvetica Neue&quot;,&quot;469769242&quot;:[8226],&quot;469777803&quot;:&quot;left&quot;,&quot;469777804&quot;:&quot;\u25cf&quot;,&quot;469777815&quot;:&quot;multilevel&quot;}\" aria-setsize=\"-1\" data-aria-posinset=\"4\" data-aria-level=\"1\"><b><span data-contrast=\"none\">Isfiske:<\/span><\/b><span data-contrast=\"none\"> Isfiske \u00e4r en popul\u00e4r fritidsaktivitet p\u00e5 Gr\u00f6nland. Det \u00e4r ett utm\u00e4rkt s\u00e4tt att koppla av och njuta av naturen. Isfiske \u00e4r en fridfull och avkopplande aktivitet. Du kan njuta av den friska luften, den vackra naturen och den arktiska tystnaden. Det \u00e4r en utmanande aktivitet som kr\u00e4ver viss skicklighet och t\u00e5lamod. Att f\u00e5nga din egen fisk och tillaga den \u00f6ver en \u00f6ppen eld \u00e4r en unik och givande upplevelse.<\/span><span data-ccp-props=\"{&quot;335559738&quot;:120,&quot;335559739&quot;:120}\">\u00a0<\/span><\/li><\/ul><p><span data-ccp-props=\"{&quot;335559738&quot;:120,&quot;335559739&quot;:120}\">\u00a0<\/span><\/p><ul><li data-leveltext=\"\u25cf\" data-font=\"Helvetica Neue\" data-listid=\"1\" data-list-defn-props=\"{&quot;335551500&quot;:2039583,&quot;335552541&quot;:1,&quot;335559685&quot;:720,&quot;335559991&quot;:360,&quot;469769226&quot;:&quot;Helvetica Neue&quot;,&quot;469769242&quot;:[8226],&quot;469777803&quot;:&quot;left&quot;,&quot;469777804&quot;:&quot;\u25cf&quot;,&quot;469777815&quot;:&quot;multilevel&quot;}\" aria-setsize=\"-1\" data-aria-posinset=\"5\" data-aria-level=\"1\"><b><span data-contrast=\"none\">Valsk\u00e5dning:<\/span><\/b><span data-contrast=\"none\"> Valsk\u00e5dning \u00e4r en popul\u00e4r aktivitet p\u00e5 Gr\u00f6nland. Det finns m\u00e5nga olika valarter att se, inklusive kn\u00f6lvalar, puckelvalar och bl\u00e5valar. Gr\u00f6nland \u00e4r en av de b\u00e4sta platserna i v\u00e4rlden f\u00f6r att sk\u00e5da valar. H\u00e4r kan du se en m\u00e4ngd olika valarter i sitt naturliga habitat.<\/span><\/li><\/ul>\t\t\t\t\t\t\t\t<\/div>\n\t\t\t\t<\/div>\n\t\t\t\t<\/div>\n\t\t\t\t\t<\/div>\n\t\t\t\t<\/div>\n\t\t<div class=\"elementor-element elementor-element-c4e8425 e-flex e-con-boxed e-con e-parent\" data-id=\"c4e8425\" data-element_type=\"container\" data-e-type=\"container\">\n\t\t\t\t\t<div class=\"e-con-inner\">\n\t\t\t\t<div class=\"elementor-element elementor-element-d6c2809 elementor-widget elementor-widget-spacer\" data-id=\"d6c2809\" data-element_type=\"widget\" data-e-type=\"widget\" data-widget_type=\"spacer.default\">\n\t\t\t\t<div class=\"elementor-widget-container\">\n\t\t\t\t\t\t\t<div class=\"elementor-spacer\">\n\t\t\t<div class=\"elementor-spacer-inner\"><\/div>\n\t\t<\/div>\n\t\t\t\t\t\t<\/div>\n\t\t\t\t<\/div>\n\t\t\t\t<div class=\"elementor-element elementor-element-239426c elementor-widget-divider--view-line elementor-widget elementor-widget-divider\" data-id=\"239426c\" data-element_type=\"widget\" data-e-type=\"widget\" data-widget_type=\"divider.default\">\n\t\t\t\t<div class=\"elementor-widget-container\">\n\t\t\t\t\t\t\t<div class=\"elementor-divider\">\n\t\t\t<span class=\"elementor-divider-separator\">\n\t\t\t\t\t\t<\/span>\n\t\t<\/div>\n\t\t\t\t\t\t<\/div>\n\t\t\t\t<\/div>\n\t\t\t\t\t<\/div>\n\t\t\t\t<\/div>\n\t\t<div class=\"elementor-element elementor-element-b69a62e e-flex e-con-boxed e-con e-parent\" data-id=\"b69a62e\" data-element_type=\"container\" data-e-type=\"container\">\n\t\t\t\t\t<div class=\"e-con-inner\">\n\t\t\t\t<div class=\"elementor-element elementor-element-9568f87 elementor-widget elementor-widget-heading\" data-id=\"9568f87\" data-element_type=\"widget\" data-e-type=\"widget\" data-widget_type=\"heading.default\">\n\t\t\t\t<div class=\"elementor-widget-container\">\n\t\t\t\t\t<h3 class=\"elementor-heading-title elementor-size-default\">1. R\u00e4tt eller fel? <\/h3>\t\t\t\t<\/div>\n\t\t\t\t<\/div>\n\t\t\t\t<div class=\"elementor-element elementor-element-eb33d19 elementor-widget elementor-widget-text-editor\" data-id=\"eb33d19\" data-element_type=\"widget\" data-e-type=\"widget\" data-widget_type=\"text-editor.default\">\n\t\t\t\t<div class=\"elementor-widget-container\">\n\t\t\t\t\t\t\t\t\t<p>Korrigera genom att trycka p\u00e5 den bl\u00e5a knappen i h\u00f6gra h\u00f6rnet.<\/p>\t\t\t\t\t\t\t\t<\/div>\n\t\t\t\t<\/div>\n\t\t\t\t\t<\/div>\n\t\t\t\t<\/div>\n\t\t<div class=\"elementor-element elementor-element-3fded9f e-flex e-con-boxed e-con e-parent\" data-id=\"3fded9f\" data-element_type=\"container\" data-e-type=\"container\">\n\t\t\t\t\t<div class=\"e-con-inner\">\n\t\t\t\t<div class=\"elementor-element elementor-element-b71c50c elementor-widget elementor-widget-html\" data-id=\"b71c50c\" data-element_type=\"widget\" data-e-type=\"widget\" data-widget_type=\"html.default\">\n\t\t\t\t<div class=\"elementor-widget-container\">\n\t\t\t\t\t<iframe src=\"https:\/\/learningapps.org\/watch?v=pa21zeh6n24\" style=\"border:0px;width:100%;height:500px\" allowfullscreen=\"true\" webkitallowfullscreen=\"true\" mozallowfullscreen=\"true\"><\/iframe>\t\t\t\t<\/div>\n\t\t\t\t<\/div>\n\t\t\t\t\t<\/div>\n\t\t\t\t<\/div>\n\t\t<div class=\"elementor-element elementor-element-c3bae89 e-flex e-con-boxed e-con e-parent\" data-id=\"c3bae89\" data-element_type=\"container\" data-e-type=\"container\">\n\t\t\t\t\t<div class=\"e-con-inner\">\n\t\t\t\t<div class=\"elementor-element elementor-element-78dc08c elementor-widget elementor-widget-heading\" data-id=\"78dc08c\" data-element_type=\"widget\" data-e-type=\"widget\" data-widget_type=\"heading.default\">\n\t\t\t\t<div class=\"elementor-widget-container\">\n\t\t\t\t\t<h3 class=\"elementor-heading-title elementor-size-default\">2. Verb\u00f6vning<\/h3>\t\t\t\t<\/div>\n\t\t\t\t<\/div>\n\t\t\t\t\t<\/div>\n\t\t\t\t<\/div>\n\t\t<div class=\"elementor-element elementor-element-c87c98d e-flex e-con-boxed e-con e-parent\" data-id=\"c87c98d\" data-element_type=\"container\" data-e-type=\"container\">\n\t\t\t\t\t<div class=\"e-con-inner\">\n\t\t\t\t<div class=\"elementor-element elementor-element-a1e9527 elementor-widget elementor-widget-toggle\" data-id=\"a1e9527\" data-element_type=\"widget\" data-e-type=\"widget\" data-widget_type=\"toggle.default\">\n\t\t\t\t<div class=\"elementor-widget-container\">\n\t\t\t\t\t\t\t<div class=\"elementor-toggle\">\n\t\t\t\t\t\t\t<div class=\"elementor-toggle-item\">\n\t\t\t\t\t<div id=\"elementor-tab-title-1691\" class=\"elementor-tab-title\" data-tab=\"1\" role=\"button\" aria-controls=\"elementor-tab-content-1691\" aria-expanded=\"false\">\n\t\t\t\t\t\t\t\t\t\t\t\t<span class=\"elementor-toggle-icon elementor-toggle-icon-left\" aria-hidden=\"true\">\n\t\t\t\t\t\t\t\t\t\t\t\t\t\t\t<span class=\"elementor-toggle-icon-closed\"><svg class=\"e-font-icon-svg e-fas-caret-right\" viewBox=\"0 0 192 512\" xmlns=\"http:\/\/www.w3.org\/2000\/svg\"><path d=\"M0 384.662V127.338c0-17.818 21.543-26.741 34.142-14.142l128.662 128.662c7.81 7.81 7.81 20.474 0 28.284L34.142 398.804C21.543 411.404 0 402.48 0 384.662z\"><\/path><\/svg><\/span>\n\t\t\t\t\t\t\t\t<span class=\"elementor-toggle-icon-opened\"><svg class=\"elementor-toggle-icon-opened e-font-icon-svg e-fas-caret-up\" viewBox=\"0 0 320 512\" xmlns=\"http:\/\/www.w3.org\/2000\/svg\"><path d=\"M288.662 352H31.338c-17.818 0-26.741-21.543-14.142-34.142l128.662-128.662c7.81-7.81 20.474-7.81 28.284 0l128.662 128.662c12.6 12.599 3.676 34.142-14.142 34.142z\"><\/path><\/svg><\/span>\n\t\t\t\t\t\t\t\t\t\t\t\t\t<\/span>\n\t\t\t\t\t\t\t\t\t\t\t\t<a class=\"elementor-toggle-title\" tabindex=\"0\">Fyll i tabellen. Skriv sedan n\u00e5gra meningar d\u00e4r du anv\u00e4nder dig av verb som ing\u00e5r i tabellen.<\/a>\n\t\t\t\t\t<\/div>\n\n\t\t\t\t\t<div id=\"elementor-tab-content-1691\" class=\"elementor-tab-content elementor-clearfix\" data-tab=\"1\" role=\"region\" aria-labelledby=\"elementor-tab-title-1691\"><iframe src=\"https:\/\/learningapps.org\/watch?v=p1e2bgzvc24\" style=\"border:0px;width:100%;height:500px\" allowfullscreen=\"true\" webkitallowfullscreen=\"true\" mozallowfullscreen=\"true\"><\/iframe><\/div>\n\t\t\t\t<\/div>\n\t\t\t\t\t\t\t\t<\/div>\n\t\t\t\t\t\t<\/div>\n\t\t\t\t<\/div>\n\t\t\t\t\t<\/div>\n\t\t\t\t<\/div>\n\t\t<div class=\"elementor-element elementor-element-642a780 e-flex e-con-boxed e-con e-parent\" data-id=\"642a780\" data-element_type=\"container\" data-e-type=\"container\">\n\t\t\t\t\t<div class=\"e-con-inner\">\n\t\t\t\t<div class=\"elementor-element elementor-element-845709e elementor-widget elementor-widget-spacer\" data-id=\"845709e\" data-element_type=\"widget\" data-e-type=\"widget\" data-widget_type=\"spacer.default\">\n\t\t\t\t<div class=\"elementor-widget-container\">\n\t\t\t\t\t\t\t<div class=\"elementor-spacer\">\n\t\t\t<div class=\"elementor-spacer-inner\"><\/div>\n\t\t<\/div>\n\t\t\t\t\t\t<\/div>\n\t\t\t\t<\/div>\n\t\t\t\t\t<\/div>\n\t\t\t\t<\/div>\n\t\t\t\t<\/div>\n\t\t","protected":false},"excerpt":{"rendered":"<p>Gr\u00f6nland, v\u00e4rldens st\u00f6rsta \u00f6 Gr\u00f6nland bjuder p\u00e5 en unik och of\u00f6rgl\u00f6mlig upplevelse. H\u00e4r kan du vandra bland majest\u00e4tiska berg, paddla kajak i kristallklara fjordar, och uppleva den arktiska kulturen p\u00e5 n\u00e4ra h\u00e5ll. Oavsett om du s\u00f6ker sp\u00e4nning och \u00e4ventyr eller en avkopplande naturupplevelse, har Gr\u00f6nland n\u00e5got f\u00f6r dig.\u00a0 I den h\u00e4r texten kommer du att [&hellip;]<\/p>\n","protected":false},"author":2,"featured_media":0,"parent":0,"menu_order":0,"comment_status":"closed","ping_status":"closed","template":"elementor_header_footer","meta":{"footnotes":""},"class_list":["post-311","page","type-page","status-publish","hentry"],"_links":{"self":[{"href":"https:\/\/svenskanu.fi\/laromaterial\/navigerainorden\/wp-json\/wp\/v2\/pages\/311","targetHints":{"allow":["GET"]}}],"collection":[{"href":"https:\/\/svenskanu.fi\/laromaterial\/navigerainorden\/wp-json\/wp\/v2\/pages"}],"about":[{"href":"https:\/\/svenskanu.fi\/laromaterial\/navigerainorden\/wp-json\/wp\/v2\/types\/page"}],"author":[{"embeddable":true,"href":"https:\/\/svenskanu.fi\/laromaterial\/navigerainorden\/wp-json\/wp\/v2\/users\/2"}],"replies":[{"embeddable":true,"href":"https:\/\/svenskanu.fi\/laromaterial\/navigerainorden\/wp-json\/wp\/v2\/comments?post=311"}],"version-history":[{"count":52,"href":"https:\/\/svenskanu.fi\/laromaterial\/navigerainorden\/wp-json\/wp\/v2\/pages\/311\/revisions"}],"predecessor-version":[{"id":3141,"href":"https:\/\/svenskanu.fi\/laromaterial\/navigerainorden\/wp-json\/wp\/v2\/pages\/311\/revisions\/3141"}],"wp:attachment":[{"href":"https:\/\/svenskanu.fi\/laromaterial\/navigerainorden\/wp-json\/wp\/v2\/media?parent=311"}],"curies":[{"name":"wp","href":"https:\/\/api.w.org\/{rel}","templated":true}]}}