{"id":609,"date":"2024-04-26T09:45:07","date_gmt":"2024-04-26T06:45:07","guid":{"rendered":"https:\/\/svenskanu.fi\/laromaterial\/navigerainorden\/?page_id=609"},"modified":"2024-11-20T10:28:30","modified_gmt":"2024-11-20T08:28:30","slug":"presentera-er-for-varandra","status":"publish","type":"page","link":"https:\/\/svenskanu.fi\/laromaterial\/navigerainorden\/presentera-er-for-varandra\/","title":{"rendered":"Presentera er f\u00f6r varandra"},"content":{"rendered":"\t\t<div data-elementor-type=\"wp-page\" data-elementor-id=\"609\" class=\"elementor elementor-609\" data-elementor-post-type=\"page\">\n\t\t\t\t<div class=\"elementor-element elementor-element-f4540cd e-con-full e-flex e-con e-parent\" data-id=\"f4540cd\" data-element_type=\"container\" data-e-type=\"container\">\n\t\t\t\t<div class=\"elementor-element elementor-element-3290f12 elementor-widget elementor-widget-image\" data-id=\"3290f12\" data-element_type=\"widget\" data-e-type=\"widget\" data-widget_type=\"image.default\">\n\t\t\t\t<div class=\"elementor-widget-container\">\n\t\t\t\t\t\t\t\t\t\t\t\t\t\t\t<img fetchpriority=\"high\" decoding=\"async\" width=\"2000\" height=\"500\" src=\"https:\/\/svenskanu.fi\/laromaterial\/navigerainorden\/wp-content\/uploads\/2024\/04\/Navigera-i-Norden-bannerbild.png\" class=\"attachment-full size-full wp-image-611\" alt=\"\" srcset=\"https:\/\/svenskanu.fi\/laromaterial\/navigerainorden\/wp-content\/uploads\/2024\/04\/Navigera-i-Norden-bannerbild.png 2000w, https:\/\/svenskanu.fi\/laromaterial\/navigerainorden\/wp-content\/uploads\/2024\/04\/Navigera-i-Norden-bannerbild-300x75.png 300w, https:\/\/svenskanu.fi\/laromaterial\/navigerainorden\/wp-content\/uploads\/2024\/04\/Navigera-i-Norden-bannerbild-1024x256.png 1024w, https:\/\/svenskanu.fi\/laromaterial\/navigerainorden\/wp-content\/uploads\/2024\/04\/Navigera-i-Norden-bannerbild-768x192.png 768w, https:\/\/svenskanu.fi\/laromaterial\/navigerainorden\/wp-content\/uploads\/2024\/04\/Navigera-i-Norden-bannerbild-1536x384.png 1536w\" sizes=\"(max-width: 2000px) 100vw, 2000px\" \/>\t\t\t\t\t\t\t\t\t\t\t\t\t\t\t<\/div>\n\t\t\t\t<\/div>\n\t\t\t\t<\/div>\n\t\t<div class=\"elementor-element elementor-element-2578a89 e-flex e-con-boxed e-con e-parent\" data-id=\"2578a89\" data-element_type=\"container\" data-e-type=\"container\">\n\t\t\t\t\t<div class=\"e-con-inner\">\n\t\t\t\t<div class=\"elementor-element elementor-element-82cb4c3 elementor-widget elementor-widget-spacer\" data-id=\"82cb4c3\" data-element_type=\"widget\" data-e-type=\"widget\" data-widget_type=\"spacer.default\">\n\t\t\t\t<div class=\"elementor-widget-container\">\n\t\t\t\t\t\t\t<div class=\"elementor-spacer\">\n\t\t\t<div class=\"elementor-spacer-inner\"><\/div>\n\t\t<\/div>\n\t\t\t\t\t\t<\/div>\n\t\t\t\t<\/div>\n\t\t\t\t\t<\/div>\n\t\t\t\t<\/div>\n\t\t<div class=\"elementor-element elementor-element-280cab2 e-flex e-con-boxed e-con e-parent\" data-id=\"280cab2\" data-element_type=\"container\" data-e-type=\"container\">\n\t\t\t\t\t<div class=\"e-con-inner\">\n\t\t\t\t<div class=\"elementor-element elementor-element-eaa86f0 elementor-widget elementor-widget-spacer\" data-id=\"eaa86f0\" data-element_type=\"widget\" data-e-type=\"widget\" data-widget_type=\"spacer.default\">\n\t\t\t\t<div class=\"elementor-widget-container\">\n\t\t\t\t\t\t\t<div class=\"elementor-spacer\">\n\t\t\t<div class=\"elementor-spacer-inner\"><\/div>\n\t\t<\/div>\n\t\t\t\t\t\t<\/div>\n\t\t\t\t<\/div>\n\t\t\t\t\t<\/div>\n\t\t\t\t<\/div>\n\t\t<div class=\"elementor-element elementor-element-242c7a5 e-flex e-con-boxed e-con e-parent\" data-id=\"242c7a5\" data-element_type=\"container\" data-e-type=\"container\">\n\t\t\t\t\t<div class=\"e-con-inner\">\n\t\t\t\t<div class=\"elementor-element elementor-element-dfd0e19 elementor-widget elementor-widget-text-editor\" data-id=\"dfd0e19\" data-element_type=\"widget\" data-e-type=\"widget\" data-widget_type=\"text-editor.default\">\n\t\t\t\t<div class=\"elementor-widget-container\">\n\t\t\t\t\t\t\t\t\t<p><b><span data-contrast=\"auto\">Presentera er f\u00f6r varandra<\/span><\/b><span data-ccp-props=\"{&quot;134233117&quot;:true,&quot;134233118&quot;:true,&quot;201341983&quot;:0,&quot;335559685&quot;:283,&quot;335559740&quot;:240,&quot;335559991&quot;:360}\">\u00a0<\/span><\/p><p><span data-contrast=\"auto\">Skriv en kort text d\u00e4r du presenterar dig sj\u00e4lv. Ber\u00e4tta vilken stad och vilket land du bor i, din nationalitet, din spr\u00e5kliga identitet och dina spr\u00e5kkunskaper.\u00a0<\/span><span data-ccp-props=\"{&quot;134233117&quot;:true,&quot;134233118&quot;:true,&quot;201341983&quot;:0,&quot;335559685&quot;:720,&quot;335559740&quot;:240,&quot;335559991&quot;:284}\">\u00a0<\/span><\/p>\t\t\t\t\t\t\t\t<\/div>\n\t\t\t\t<\/div>\n\t\t\t\t<div class=\"elementor-element elementor-element-81af8dc elementor-widget elementor-widget-text-editor\" data-id=\"81af8dc\" data-element_type=\"widget\" data-e-type=\"widget\" data-widget_type=\"text-editor.default\">\n\t\t\t\t<div class=\"elementor-widget-container\">\n\t\t\t\t\t\t\t\t\t<p><strong>Modelltext:<br \/><\/strong><strong> \u00a0<\/strong><br \/><em>Hej! Jag heter Kim och jag bor i N\u00e4rpes i Finland. Jag \u00e4r finl\u00e4ndsk medborgare. Jag har tv\u00e5 f\u00f6rstaspr\u00e5k: n\u00e4rpesdialekt och standardsvenska. B\u00e5da talas i familjen. Med mina syskon och mamma talar jag oftast dialekt, med pappa talar jag standardsvenska. Han \u00e4r fr\u00e5n \u00c5bo. Jag kan ocks\u00e5 finska, engelska och lite spanska. Finska och spanska har jag l\u00e4rt mig i skolan. N\u00e4r vi \u00e5ker till Helsingfors tr\u00e4nar jag min finska i butiken. Om vi reser till Spanien t\u00e4nker jag best\u00e4lla glass p\u00e5 spanska. Engelska l\u00e4r jag mig ocks\u00e5 via sociala medier, tv-serier och musik.\u00a0<\/em><\/p>\t\t\t\t\t\t\t\t<\/div>\n\t\t\t\t<\/div>\n\t\t\t\t<div class=\"elementor-element elementor-element-d6c3f46 elementor-widget elementor-widget-text-editor\" data-id=\"d6c3f46\" data-element_type=\"widget\" data-e-type=\"widget\" data-widget_type=\"text-editor.default\">\n\t\t\t\t<div class=\"elementor-widget-container\">\n\t\t\t\t\t\t\t\t\t<p><span data-contrast=\"auto\">Presentera er f\u00f6r varandra med hj\u00e4lp av presentationstexterna ni skrivit.<\/span><span data-ccp-props=\"{&quot;134233117&quot;:true,&quot;134233118&quot;:true,&quot;201341983&quot;:0,&quot;335559685&quot;:720,&quot;335559740&quot;:240,&quot;335559991&quot;:284}\"> Om du vill kan du spela in din presentation!<\/span><\/p>\t\t\t\t\t\t\t\t<\/div>\n\t\t\t\t<\/div>\n\t\t\t\t<div class=\"elementor-element elementor-element-10a5698 elementor-widget elementor-widget-spacer\" data-id=\"10a5698\" data-element_type=\"widget\" data-e-type=\"widget\" data-widget_type=\"spacer.default\">\n\t\t\t\t<div class=\"elementor-widget-container\">\n\t\t\t\t\t\t\t<div class=\"elementor-spacer\">\n\t\t\t<div class=\"elementor-spacer-inner\"><\/div>\n\t\t<\/div>\n\t\t\t\t\t\t<\/div>\n\t\t\t\t<\/div>\n\t\t\t\t\t<\/div>\n\t\t\t\t<\/div>\n\t\t\t\t<\/div>\n\t\t","protected":false},"excerpt":{"rendered":"<p>Presentera er f\u00f6r varandra\u00a0 Skriv en kort text d\u00e4r du presenterar dig sj\u00e4lv. Ber\u00e4tta vilken stad och vilket land du bor i, din nationalitet, din spr\u00e5kliga identitet och dina spr\u00e5kkunskaper.\u00a0\u00a0 Modelltext: \u00a0Hej! Jag heter Kim och jag bor i N\u00e4rpes i Finland. Jag \u00e4r finl\u00e4ndsk medborgare. Jag har tv\u00e5 f\u00f6rstaspr\u00e5k: n\u00e4rpesdialekt och standardsvenska. B\u00e5da talas [&hellip;]<\/p>\n","protected":false},"author":2,"featured_media":0,"parent":0,"menu_order":0,"comment_status":"closed","ping_status":"closed","template":"","meta":{"footnotes":""},"class_list":["post-609","page","type-page","status-publish","hentry"],"_links":{"self":[{"href":"https:\/\/svenskanu.fi\/laromaterial\/navigerainorden\/wp-json\/wp\/v2\/pages\/609","targetHints":{"allow":["GET"]}}],"collection":[{"href":"https:\/\/svenskanu.fi\/laromaterial\/navigerainorden\/wp-json\/wp\/v2\/pages"}],"about":[{"href":"https:\/\/svenskanu.fi\/laromaterial\/navigerainorden\/wp-json\/wp\/v2\/types\/page"}],"author":[{"embeddable":true,"href":"https:\/\/svenskanu.fi\/laromaterial\/navigerainorden\/wp-json\/wp\/v2\/users\/2"}],"replies":[{"embeddable":true,"href":"https:\/\/svenskanu.fi\/laromaterial\/navigerainorden\/wp-json\/wp\/v2\/comments?post=609"}],"version-history":[{"count":35,"href":"https:\/\/svenskanu.fi\/laromaterial\/navigerainorden\/wp-json\/wp\/v2\/pages\/609\/revisions"}],"predecessor-version":[{"id":3255,"href":"https:\/\/svenskanu.fi\/laromaterial\/navigerainorden\/wp-json\/wp\/v2\/pages\/609\/revisions\/3255"}],"wp:attachment":[{"href":"https:\/\/svenskanu.fi\/laromaterial\/navigerainorden\/wp-json\/wp\/v2\/media?parent=609"}],"curies":[{"name":"wp","href":"https:\/\/api.w.org\/{rel}","templated":true}]}}