{"id":844,"date":"2024-05-06T15:40:30","date_gmt":"2024-05-06T12:40:30","guid":{"rendered":"https:\/\/svenskanu.fi\/laromaterial\/navigerainorden\/?page_id=844"},"modified":"2024-11-20T10:26:22","modified_gmt":"2024-11-20T08:26:22","slug":"repetera","status":"publish","type":"page","link":"https:\/\/svenskanu.fi\/laromaterial\/navigerainorden\/repetera\/","title":{"rendered":"Repetera"},"content":{"rendered":"\t\t<div data-elementor-type=\"wp-page\" data-elementor-id=\"844\" class=\"elementor elementor-844\" data-elementor-post-type=\"page\">\n\t\t\t\t<div class=\"elementor-element elementor-element-ae4106d e-con-full e-flex e-con e-parent\" data-id=\"ae4106d\" data-element_type=\"container\" data-e-type=\"container\">\n\t\t\t\t<div class=\"elementor-element elementor-element-a06ffa4 elementor-widget elementor-widget-image\" data-id=\"a06ffa4\" data-element_type=\"widget\" data-e-type=\"widget\" data-widget_type=\"image.default\">\n\t\t\t\t<div class=\"elementor-widget-container\">\n\t\t\t\t\t\t\t\t\t\t\t\t\t\t\t<img fetchpriority=\"high\" decoding=\"async\" width=\"2000\" height=\"500\" src=\"https:\/\/svenskanu.fi\/laromaterial\/navigerainorden\/wp-content\/uploads\/2024\/05\/Navigera-i-Norden-bannerbild-Testa-vad-du-kan-2.png\" class=\"attachment-full size-full wp-image-848\" alt=\"\" srcset=\"https:\/\/svenskanu.fi\/laromaterial\/navigerainorden\/wp-content\/uploads\/2024\/05\/Navigera-i-Norden-bannerbild-Testa-vad-du-kan-2.png 2000w, https:\/\/svenskanu.fi\/laromaterial\/navigerainorden\/wp-content\/uploads\/2024\/05\/Navigera-i-Norden-bannerbild-Testa-vad-du-kan-2-300x75.png 300w, https:\/\/svenskanu.fi\/laromaterial\/navigerainorden\/wp-content\/uploads\/2024\/05\/Navigera-i-Norden-bannerbild-Testa-vad-du-kan-2-1024x256.png 1024w, https:\/\/svenskanu.fi\/laromaterial\/navigerainorden\/wp-content\/uploads\/2024\/05\/Navigera-i-Norden-bannerbild-Testa-vad-du-kan-2-768x192.png 768w, https:\/\/svenskanu.fi\/laromaterial\/navigerainorden\/wp-content\/uploads\/2024\/05\/Navigera-i-Norden-bannerbild-Testa-vad-du-kan-2-1536x384.png 1536w\" sizes=\"(max-width: 2000px) 100vw, 2000px\" \/>\t\t\t\t\t\t\t\t\t\t\t\t\t\t\t<\/div>\n\t\t\t\t<\/div>\n\t\t\t\t<\/div>\n\t\t<div class=\"elementor-element elementor-element-d38d82e e-flex e-con-boxed e-con e-parent\" data-id=\"d38d82e\" data-element_type=\"container\" data-e-type=\"container\">\n\t\t\t\t\t<div class=\"e-con-inner\">\n\t\t<div class=\"elementor-element elementor-element-de13266 e-flex e-con-boxed e-con e-child\" data-id=\"de13266\" data-element_type=\"container\" data-e-type=\"container\">\n\t\t\t\t\t<div class=\"e-con-inner\">\n\t\t\t\t<div class=\"elementor-element elementor-element-4aa8375 elementor-widget elementor-widget-spacer\" data-id=\"4aa8375\" data-element_type=\"widget\" data-e-type=\"widget\" data-widget_type=\"spacer.default\">\n\t\t\t\t<div class=\"elementor-widget-container\">\n\t\t\t\t\t\t\t<div class=\"elementor-spacer\">\n\t\t\t<div class=\"elementor-spacer-inner\"><\/div>\n\t\t<\/div>\n\t\t\t\t\t\t<\/div>\n\t\t\t\t<\/div>\n\t\t\t\t\t<\/div>\n\t\t\t\t<\/div>\n\t\t\t\t\t<\/div>\n\t\t\t\t<\/div>\n\t\t<div class=\"elementor-element elementor-element-5010318 e-flex e-con-boxed e-con e-parent\" data-id=\"5010318\" data-element_type=\"container\" data-e-type=\"container\">\n\t\t\t\t\t<div class=\"e-con-inner\">\n\t\t\t\t<div class=\"elementor-element elementor-element-53287c2 elementor-widget elementor-widget-heading\" data-id=\"53287c2\" data-element_type=\"widget\" data-e-type=\"widget\" data-widget_type=\"heading.default\">\n\t\t\t\t<div class=\"elementor-widget-container\">\n\t\t\t\t\t<h3 class=\"elementor-heading-title elementor-size-default\">Repetera tillsammans<\/h3>\t\t\t\t<\/div>\n\t\t\t\t<\/div>\n\t\t\t\t\t<\/div>\n\t\t\t\t<\/div>\n\t\t<div class=\"elementor-element elementor-element-93ebf5a e-flex e-con-boxed e-con e-parent\" data-id=\"93ebf5a\" data-element_type=\"container\" data-e-type=\"container\">\n\t\t\t\t\t<div class=\"e-con-inner\">\n\t\t<div class=\"elementor-element elementor-element-a4780f8 e-flex e-con-boxed e-con e-child\" data-id=\"a4780f8\" data-element_type=\"container\" data-e-type=\"container\">\n\t\t\t\t\t<div class=\"e-con-inner\">\n\t\t\t\t<div class=\"elementor-element elementor-element-9ab85e2 elementor-widget elementor-widget-text-editor\" data-id=\"9ab85e2\" data-element_type=\"widget\" data-e-type=\"widget\" data-widget_type=\"text-editor.default\">\n\t\t\t\t<div class=\"elementor-widget-container\">\n\t\t\t\t\t\t\t\t\t<p>Anv\u00e4nd korten f\u00f6r att repetera tillsammans. Ni kan anv\u00e4nda korten p\u00e5 olika s\u00e4tt, till exempel:<\/p><p><span data-contrast=\"auto\">1) Spela alias. Lyft ett kort i taget och f\u00f6rklara ordet f\u00f6r de andra.<\/span>\u00a0<br \/><span data-contrast=\"auto\">2) Diskutera tillsammans. V\u00e4lj tv\u00e5 kort som du tycker \u00e4r ett par och f\u00f6rklara varf\u00f6r de h\u00f6r ihop.\u00a0<\/span><span data-ccp-props=\"{&quot;201341983&quot;:0,&quot;335559685&quot;:284,&quot;335559739&quot;:0,&quot;335559740&quot;:288}\"><br \/><\/span><span data-contrast=\"auto\">3) Spela memory. Placera korten i rader med avigsidan upp. V\u00e4nd p\u00e5 valfria kort. Om du kan motivera att tv\u00e5 kort \u00e4r ett par f\u00e5r du beh\u00e5lla dem. Om korten inte passar ihop, v\u00e4nd tillbaka dem.<\/span><span data-ccp-props=\"{&quot;201341983&quot;:0,&quot;335559685&quot;:284,&quot;335559739&quot;:0,&quot;335559740&quot;:288}\">\u00a0<\/span><\/p>\t\t\t\t\t\t\t\t<\/div>\n\t\t\t\t<\/div>\n\t\t\t\t\t<\/div>\n\t\t\t\t<\/div>\n\t\t\t\t\t<\/div>\n\t\t\t\t<\/div>\n\t\t<div class=\"elementor-element elementor-element-0e84ff6 e-flex e-con-boxed e-con e-parent\" data-id=\"0e84ff6\" data-element_type=\"container\" data-e-type=\"container\">\n\t\t\t\t\t<div class=\"e-con-inner\">\n\t\t\t\t<div class=\"elementor-element elementor-element-ea2c067 elementor-align-left elementor-widget elementor-widget-button\" data-id=\"ea2c067\" data-element_type=\"widget\" data-e-type=\"widget\" data-widget_type=\"button.default\">\n\t\t\t\t<div class=\"elementor-widget-container\">\n\t\t\t\t\t\t\t\t\t<div class=\"elementor-button-wrapper\">\n\t\t\t\t\t<a class=\"elementor-button elementor-button-link elementor-size-sm\" href=\"https:\/\/svenskanu.fi\/laromaterial\/navigerainorden\/wp-content\/uploads\/2024\/10\/Navigera-i-Norden_uppgift_3.pdf\" target=\"_blank\">\n\t\t\t\t\t\t<span class=\"elementor-button-content-wrapper\">\n\t\t\t\t\t\t\t\t\t<span class=\"elementor-button-text\">Ladda ner korten<\/span>\n\t\t\t\t\t<\/span>\n\t\t\t\t\t<\/a>\n\t\t\t\t<\/div>\n\t\t\t\t\t\t\t\t<\/div>\n\t\t\t\t<\/div>\n\t\t\t\t\t<\/div>\n\t\t\t\t<\/div>\n\t\t\t\t<\/div>\n\t\t","protected":false},"excerpt":{"rendered":"<p>Repetera tillsammans Anv\u00e4nd korten f\u00f6r att repetera tillsammans. Ni kan anv\u00e4nda korten p\u00e5 olika s\u00e4tt, till exempel: 1) Spela alias. Lyft ett kort i taget och f\u00f6rklara ordet f\u00f6r de andra.\u00a02) Diskutera tillsammans. V\u00e4lj tv\u00e5 kort som du tycker \u00e4r ett par och f\u00f6rklara varf\u00f6r de h\u00f6r ihop.\u00a03) Spela memory. Placera korten i rader med [&hellip;]<\/p>\n","protected":false},"author":2,"featured_media":0,"parent":0,"menu_order":0,"comment_status":"closed","ping_status":"closed","template":"","meta":{"footnotes":""},"class_list":["post-844","page","type-page","status-publish","hentry"],"_links":{"self":[{"href":"https:\/\/svenskanu.fi\/laromaterial\/navigerainorden\/wp-json\/wp\/v2\/pages\/844","targetHints":{"allow":["GET"]}}],"collection":[{"href":"https:\/\/svenskanu.fi\/laromaterial\/navigerainorden\/wp-json\/wp\/v2\/pages"}],"about":[{"href":"https:\/\/svenskanu.fi\/laromaterial\/navigerainorden\/wp-json\/wp\/v2\/types\/page"}],"author":[{"embeddable":true,"href":"https:\/\/svenskanu.fi\/laromaterial\/navigerainorden\/wp-json\/wp\/v2\/users\/2"}],"replies":[{"embeddable":true,"href":"https:\/\/svenskanu.fi\/laromaterial\/navigerainorden\/wp-json\/wp\/v2\/comments?post=844"}],"version-history":[{"count":35,"href":"https:\/\/svenskanu.fi\/laromaterial\/navigerainorden\/wp-json\/wp\/v2\/pages\/844\/revisions"}],"predecessor-version":[{"id":3246,"href":"https:\/\/svenskanu.fi\/laromaterial\/navigerainorden\/wp-json\/wp\/v2\/pages\/844\/revisions\/3246"}],"wp:attachment":[{"href":"https:\/\/svenskanu.fi\/laromaterial\/navigerainorden\/wp-json\/wp\/v2\/media?parent=844"}],"curies":[{"name":"wp","href":"https:\/\/api.w.org\/{rel}","templated":true}]}}