{"id":7,"date":"2024-08-12T13:02:00","date_gmt":"2024-08-12T10:02:00","guid":{"rendered":"https:\/\/svenskanu.fi\/laromaterial\/norden-i-ett-notskal\/?page_id=7"},"modified":"2025-03-21T09:07:01","modified_gmt":"2025-03-21T07:07:01","slug":"framsida","status":"publish","type":"page","link":"https:\/\/svenskanu.fi\/laromaterial\/norden-i-ett-notskal\/","title":{"rendered":"Framsida"},"content":{"rendered":"\t\t<div data-elementor-type=\"wp-post\" data-elementor-id=\"7\" class=\"elementor elementor-7\" data-elementor-post-type=\"page\">\n\t\t\t\t<div class=\"elementor-element elementor-element-5c4e72a e-flex e-con-boxed e-con e-parent\" data-id=\"5c4e72a\" data-element_type=\"container\" data-e-type=\"container\" data-settings=\"{&quot;background_background&quot;:&quot;classic&quot;}\">\n\t\t\t\t\t<div class=\"e-con-inner\">\n\t\t\t\t<div class=\"elementor-element elementor-element-e66a72e elementor-widget elementor-widget-spacer\" data-id=\"e66a72e\" data-element_type=\"widget\" data-e-type=\"widget\" data-widget_type=\"spacer.default\">\n\t\t\t\t<div class=\"elementor-widget-container\">\n\t\t\t\t\t\t\t<div class=\"elementor-spacer\">\n\t\t\t<div class=\"elementor-spacer-inner\"><\/div>\n\t\t<\/div>\n\t\t\t\t\t\t<\/div>\n\t\t\t\t<\/div>\n\t\t\t\t\t<\/div>\n\t\t\t\t<\/div>\n\t\t<div class=\"elementor-element elementor-element-ecb3df3 e-flex e-con-boxed e-con e-parent\" data-id=\"ecb3df3\" data-element_type=\"container\" data-e-type=\"container\">\n\t\t\t\t\t<div class=\"e-con-inner\">\n\t\t<div class=\"elementor-element elementor-element-25f42a5 e-con-full e-flex e-con e-child\" data-id=\"25f42a5\" data-element_type=\"container\" data-e-type=\"container\">\n\t\t\t\t<div class=\"elementor-element elementor-element-cf63740 elementor-widget__width-initial elementor-widget elementor-widget-image\" data-id=\"cf63740\" data-element_type=\"widget\" data-e-type=\"widget\" data-widget_type=\"image.default\">\n\t\t\t\t<div class=\"elementor-widget-container\">\n\t\t\t\t\t\t\t\t\t\t\t\t\t\t\t<img decoding=\"async\" src=\"https:\/\/svenskanu.fi\/laromaterial\/norden-i-ett-notskal\/wp-content\/uploads\/elementor\/thumbs\/Norden-i-ett-notskal-logo-r0ogv0jhcs6f9dxtk6gcz5bgkem6axlz4y23hatjag.png\" title=\"Norden i ett n\u00f6tskal logo\" alt=\"Norden i ett n\u00f6tskal logo\" loading=\"lazy\" \/>\t\t\t\t\t\t\t\t\t\t\t\t\t\t\t<\/div>\n\t\t\t\t<\/div>\n\t\t\t\t<\/div>\n\t\t<div class=\"elementor-element elementor-element-e45ab45 e-con-full e-flex e-con e-child\" data-id=\"e45ab45\" data-element_type=\"container\" data-e-type=\"container\">\n\t\t\t\t<div class=\"elementor-element elementor-element-711dfe0 elementor-widget elementor-widget-heading\" data-id=\"711dfe0\" data-element_type=\"widget\" data-e-type=\"widget\" data-widget_type=\"heading.default\">\n\t\t\t\t<div class=\"elementor-widget-container\">\n\t\t\t\t\t<h2 class=\"elementor-heading-title elementor-size-default\">Norden i ett n\u00f6tskal<\/h2>\t\t\t\t<\/div>\n\t\t\t\t<\/div>\n\t\t\t\t<\/div>\n\t\t\t\t\t<\/div>\n\t\t\t\t<\/div>\n\t\t<div class=\"elementor-element elementor-element-d326d88 e-flex e-con-boxed e-con e-parent\" data-id=\"d326d88\" data-element_type=\"container\" data-e-type=\"container\" data-settings=\"{&quot;background_background&quot;:&quot;classic&quot;}\">\n\t\t\t\t\t<div class=\"e-con-inner\">\n\t\t\t\t<div class=\"elementor-element elementor-element-0c972c7 elementor-widget elementor-widget-text-editor\" data-id=\"0c972c7\" data-element_type=\"widget\" data-e-type=\"widget\" data-widget_type=\"text-editor.default\">\n\t\t\t\t<div class=\"elementor-widget-container\">\n\t\t\t\t\t\t\t\t\tL\u00e4r dig mera om v\u00e5ra grannar i Norden! \nNedan kan du v\u00e4lja det land eller sj\u00e4lvstyrelseomr\u00e5de som du vill bekanta dig med.\n \t\t\t\t\t\t\t\t<\/div>\n\t\t\t\t<\/div>\n\t\t\t\t\t<\/div>\n\t\t\t\t<\/div>\n\t\t<div class=\"elementor-element elementor-element-4a46acc e-flex e-con-boxed e-con e-parent\" data-id=\"4a46acc\" data-element_type=\"container\" data-e-type=\"container\">\n\t\t\t\t\t<div class=\"e-con-inner\">\n\t\t\t\t<div class=\"elementor-element elementor-element-4ab2474 elementor-widget elementor-widget-spacer\" data-id=\"4ab2474\" data-element_type=\"widget\" data-e-type=\"widget\" data-widget_type=\"spacer.default\">\n\t\t\t\t<div class=\"elementor-widget-container\">\n\t\t\t\t\t\t\t<div class=\"elementor-spacer\">\n\t\t\t<div class=\"elementor-spacer-inner\"><\/div>\n\t\t<\/div>\n\t\t\t\t\t\t<\/div>\n\t\t\t\t<\/div>\n\t\t\t\t<div class=\"elementor-element elementor-element-e23d9b2 elementor-widget elementor-widget-html\" data-id=\"e23d9b2\" data-element_type=\"widget\" data-e-type=\"widget\" data-widget_type=\"html.default\">\n\t\t\t\t<div class=\"elementor-widget-container\">\n\t\t\t\t\t<div class=\"map_wrapper\" id=\"map_wrapper_634\">\n<div class=\"map_box\" style=\"max-width:2000px\">\n<div class=\"map_aspect_ratio\" style=\"padding-top:56%\" data-padding-top=\"56%\" data-padding-top-mobile=\"0%\">\n<div class=\"map_container\">\n<div class=\"map_render map_loading\" id=\"map_634\"><\/div>\n<\/div>\n<\/div>\n<\/div>\n<\/div>\t\t\t\t<\/div>\n\t\t\t\t<\/div>\n\t\t\t\t<div class=\"elementor-element elementor-element-e4d4bea elementor-widget elementor-widget-spacer\" data-id=\"e4d4bea\" data-element_type=\"widget\" data-e-type=\"widget\" data-widget_type=\"spacer.default\">\n\t\t\t\t<div class=\"elementor-widget-container\">\n\t\t\t\t\t\t\t<div class=\"elementor-spacer\">\n\t\t\t<div class=\"elementor-spacer-inner\"><\/div>\n\t\t<\/div>\n\t\t\t\t\t\t<\/div>\n\t\t\t\t<\/div>\n\t\t\t\t\t<\/div>\n\t\t\t\t<\/div>\n\t\t<div class=\"elementor-element elementor-element-106d734 e-flex e-con-boxed e-con e-parent\" data-id=\"106d734\" data-element_type=\"container\" data-e-type=\"container\" data-settings=\"{&quot;background_background&quot;:&quot;classic&quot;}\">\n\t\t\t\t\t<div class=\"e-con-inner\">\n\t\t\t\t<div class=\"elementor-element elementor-element-5d706e4 elementor-widget elementor-widget-spacer\" data-id=\"5d706e4\" data-element_type=\"widget\" data-e-type=\"widget\" data-widget_type=\"spacer.default\">\n\t\t\t\t<div class=\"elementor-widget-container\">\n\t\t\t\t\t\t\t<div class=\"elementor-spacer\">\n\t\t\t<div class=\"elementor-spacer-inner\"><\/div>\n\t\t<\/div>\n\t\t\t\t\t\t<\/div>\n\t\t\t\t<\/div>\n\t\t\t\t\t<\/div>\n\t\t\t\t<\/div>\n\t\t\t\t<\/div>\n\t\t","protected":false},"excerpt":{"rendered":"<p>Norden i ett n\u00f6tskal L\u00e4r dig mera om v\u00e5ra grannar i Norden! Nedan kan du v\u00e4lja det land eller sj\u00e4lvstyrelseomr\u00e5de som du vill bekanta dig med.<\/p>\n","protected":false},"author":1,"featured_media":1466,"parent":0,"menu_order":0,"comment_status":"closed","ping_status":"closed","template":"elementor_header_footer","meta":{"footnotes":""},"class_list":["post-7","page","type-page","status-publish","has-post-thumbnail","hentry"],"yoast_head":"<!-- This site is optimized with the Yoast SEO plugin v24.7 - https:\/\/yoast.com\/wordpress\/plugins\/seo\/ -->\n<title>Framsida - Norden i ett n\u00f6tskal<\/title>\n<meta name=\"robots\" content=\"index, follow, max-snippet:-1, max-image-preview:large, max-video-preview:-1\" \/>\n<link rel=\"canonical\" href=\"https:\/\/svenskanu.fi\/laromaterial\/norden-i-ett-notskal\/\" \/>\n<meta property=\"og:locale\" content=\"fi_FI\" \/>\n<meta property=\"og:type\" content=\"article\" \/>\n<meta property=\"og:title\" content=\"Framsida - Norden i ett n\u00f6tskal\" \/>\n<meta property=\"og:description\" content=\"Norden i ett n\u00f6tskal L\u00e4r dig mera om v\u00e5ra grannar i Norden! Nedan kan du v\u00e4lja det land eller sj\u00e4lvstyrelseomr\u00e5de som du vill bekanta dig med.\" \/>\n<meta property=\"og:url\" content=\"https:\/\/svenskanu.fi\/laromaterial\/norden-i-ett-notskal\/\" \/>\n<meta property=\"og:site_name\" content=\"Norden i ett n\u00f6tskal\" \/>\n<meta property=\"article:modified_time\" content=\"2025-03-21T07:07:01+00:00\" \/>\n<meta property=\"og:image\" content=\"https:\/\/svenskanu.fi\/laromaterial\/norden-i-ett-notskal\/wp-content\/uploads\/2025\/03\/9_7-1024x576.png\" \/>\n\t<meta property=\"og:image:width\" content=\"1024\" \/>\n\t<meta property=\"og:image:height\" content=\"576\" \/>\n\t<meta property=\"og:image:type\" content=\"image\/png\" \/>\n<meta name=\"twitter:card\" content=\"summary_large_image\" \/>\n<meta name=\"twitter:label1\" content=\"Arvioitu lukuaika\" \/>\n\t<meta name=\"twitter:data1\" content=\"1 minuutti\" \/>\n<script type=\"application\/ld+json\" class=\"yoast-schema-graph\">{\"@context\":\"https:\/\/schema.org\",\"@graph\":[{\"@type\":\"WebPage\",\"@id\":\"https:\/\/svenskanu.fi\/laromaterial\/norden-i-ett-notskal\/\",\"url\":\"https:\/\/svenskanu.fi\/laromaterial\/norden-i-ett-notskal\/\",\"name\":\"Framsida - Norden i ett n\u00f6tskal\",\"isPartOf\":{\"@id\":\"https:\/\/svenskanu.fi\/laromaterial\/norden-i-ett-notskal\/#website\"},\"primaryImageOfPage\":{\"@id\":\"https:\/\/svenskanu.fi\/laromaterial\/norden-i-ett-notskal\/#primaryimage\"},\"image\":{\"@id\":\"https:\/\/svenskanu.fi\/laromaterial\/norden-i-ett-notskal\/#primaryimage\"},\"thumbnailUrl\":\"https:\/\/svenskanu.fi\/laromaterial\/norden-i-ett-notskal\/wp-content\/uploads\/2025\/03\/9_7.png\",\"datePublished\":\"2024-08-12T10:02:00+00:00\",\"dateModified\":\"2025-03-21T07:07:01+00:00\",\"breadcrumb\":{\"@id\":\"https:\/\/svenskanu.fi\/laromaterial\/norden-i-ett-notskal\/#breadcrumb\"},\"inLanguage\":\"fi\",\"potentialAction\":[{\"@type\":\"ReadAction\",\"target\":[\"https:\/\/svenskanu.fi\/laromaterial\/norden-i-ett-notskal\/\"]}]},{\"@type\":\"ImageObject\",\"inLanguage\":\"fi\",\"@id\":\"https:\/\/svenskanu.fi\/laromaterial\/norden-i-ett-notskal\/#primaryimage\",\"url\":\"https:\/\/svenskanu.fi\/laromaterial\/norden-i-ett-notskal\/wp-content\/uploads\/2025\/03\/9_7.png\",\"contentUrl\":\"https:\/\/svenskanu.fi\/laromaterial\/norden-i-ett-notskal\/wp-content\/uploads\/2025\/03\/9_7.png\",\"width\":1920,\"height\":1080},{\"@type\":\"BreadcrumbList\",\"@id\":\"https:\/\/svenskanu.fi\/laromaterial\/norden-i-ett-notskal\/#breadcrumb\",\"itemListElement\":[{\"@type\":\"ListItem\",\"position\":1,\"name\":\"Etusivu\",\"item\":\"https:\/\/svenskanu.fi\/laromaterial\/norden-i-ett-notskal\/\"},{\"@type\":\"ListItem\",\"position\":2,\"name\":\"Framsida\"}]},{\"@type\":\"WebSite\",\"@id\":\"https:\/\/svenskanu.fi\/laromaterial\/norden-i-ett-notskal\/#website\",\"url\":\"https:\/\/svenskanu.fi\/laromaterial\/norden-i-ett-notskal\/\",\"name\":\"Norden i ett n\u00f6tskal\",\"description\":\"Norden i ett n\u00f6tskal \u00e4r ett l\u00e4romaterial som introducerar v\u00e5ra grannar i Norden.\",\"publisher\":{\"@id\":\"https:\/\/svenskanu.fi\/laromaterial\/norden-i-ett-notskal\/#organization\"},\"potentialAction\":[{\"@type\":\"SearchAction\",\"target\":{\"@type\":\"EntryPoint\",\"urlTemplate\":\"https:\/\/svenskanu.fi\/laromaterial\/norden-i-ett-notskal\/?s={search_term_string}\"},\"query-input\":{\"@type\":\"PropertyValueSpecification\",\"valueRequired\":true,\"valueName\":\"search_term_string\"}}],\"inLanguage\":\"fi\"},{\"@type\":\"Organization\",\"@id\":\"https:\/\/svenskanu.fi\/laromaterial\/norden-i-ett-notskal\/#organization\",\"name\":\"Norden i ett n\u00f6tskal\",\"url\":\"https:\/\/svenskanu.fi\/laromaterial\/norden-i-ett-notskal\/\",\"logo\":{\"@type\":\"ImageObject\",\"inLanguage\":\"fi\",\"@id\":\"https:\/\/svenskanu.fi\/laromaterial\/norden-i-ett-notskal\/#\/schema\/logo\/image\/\",\"url\":\"https:\/\/svenskanu.fi\/laromaterial\/norden-i-ett-notskal\/wp-content\/uploads\/2024\/08\/Norden-i-ett-notskal-rektangel.png\",\"contentUrl\":\"https:\/\/svenskanu.fi\/laromaterial\/norden-i-ett-notskal\/wp-content\/uploads\/2024\/08\/Norden-i-ett-notskal-rektangel.png\",\"width\":500,\"height\":200,\"caption\":\"Norden i ett n\u00f6tskal\"},\"image\":{\"@id\":\"https:\/\/svenskanu.fi\/laromaterial\/norden-i-ett-notskal\/#\/schema\/logo\/image\/\"}}]}<\/script>\n<!-- \/ Yoast SEO plugin. -->","yoast_head_json":{"title":"Framsida - Norden i ett n\u00f6tskal","robots":{"index":"index","follow":"follow","max-snippet":"max-snippet:-1","max-image-preview":"max-image-preview:large","max-video-preview":"max-video-preview:-1"},"canonical":"https:\/\/svenskanu.fi\/laromaterial\/norden-i-ett-notskal\/","og_locale":"fi_FI","og_type":"article","og_title":"Framsida - Norden i ett n\u00f6tskal","og_description":"Norden i ett n\u00f6tskal L\u00e4r dig mera om v\u00e5ra grannar i Norden! Nedan kan du v\u00e4lja det land eller sj\u00e4lvstyrelseomr\u00e5de som du vill bekanta dig med.","og_url":"https:\/\/svenskanu.fi\/laromaterial\/norden-i-ett-notskal\/","og_site_name":"Norden i ett n\u00f6tskal","article_modified_time":"2025-03-21T07:07:01+00:00","og_image":[{"width":1024,"height":576,"url":"https:\/\/svenskanu.fi\/laromaterial\/norden-i-ett-notskal\/wp-content\/uploads\/2025\/03\/9_7-1024x576.png","type":"image\/png"}],"twitter_card":"summary_large_image","twitter_misc":{"Arvioitu lukuaika":"1 minuutti"},"schema":{"@context":"https:\/\/schema.org","@graph":[{"@type":"WebPage","@id":"https:\/\/svenskanu.fi\/laromaterial\/norden-i-ett-notskal\/","url":"https:\/\/svenskanu.fi\/laromaterial\/norden-i-ett-notskal\/","name":"Framsida - Norden i ett n\u00f6tskal","isPartOf":{"@id":"https:\/\/svenskanu.fi\/laromaterial\/norden-i-ett-notskal\/#website"},"primaryImageOfPage":{"@id":"https:\/\/svenskanu.fi\/laromaterial\/norden-i-ett-notskal\/#primaryimage"},"image":{"@id":"https:\/\/svenskanu.fi\/laromaterial\/norden-i-ett-notskal\/#primaryimage"},"thumbnailUrl":"https:\/\/svenskanu.fi\/laromaterial\/norden-i-ett-notskal\/wp-content\/uploads\/2025\/03\/9_7.png","datePublished":"2024-08-12T10:02:00+00:00","dateModified":"2025-03-21T07:07:01+00:00","breadcrumb":{"@id":"https:\/\/svenskanu.fi\/laromaterial\/norden-i-ett-notskal\/#breadcrumb"},"inLanguage":"fi","potentialAction":[{"@type":"ReadAction","target":["https:\/\/svenskanu.fi\/laromaterial\/norden-i-ett-notskal\/"]}]},{"@type":"ImageObject","inLanguage":"fi","@id":"https:\/\/svenskanu.fi\/laromaterial\/norden-i-ett-notskal\/#primaryimage","url":"https:\/\/svenskanu.fi\/laromaterial\/norden-i-ett-notskal\/wp-content\/uploads\/2025\/03\/9_7.png","contentUrl":"https:\/\/svenskanu.fi\/laromaterial\/norden-i-ett-notskal\/wp-content\/uploads\/2025\/03\/9_7.png","width":1920,"height":1080},{"@type":"BreadcrumbList","@id":"https:\/\/svenskanu.fi\/laromaterial\/norden-i-ett-notskal\/#breadcrumb","itemListElement":[{"@type":"ListItem","position":1,"name":"Etusivu","item":"https:\/\/svenskanu.fi\/laromaterial\/norden-i-ett-notskal\/"},{"@type":"ListItem","position":2,"name":"Framsida"}]},{"@type":"WebSite","@id":"https:\/\/svenskanu.fi\/laromaterial\/norden-i-ett-notskal\/#website","url":"https:\/\/svenskanu.fi\/laromaterial\/norden-i-ett-notskal\/","name":"Norden i ett n\u00f6tskal","description":"Norden i ett n\u00f6tskal \u00e4r ett l\u00e4romaterial som introducerar v\u00e5ra grannar i Norden.","publisher":{"@id":"https:\/\/svenskanu.fi\/laromaterial\/norden-i-ett-notskal\/#organization"},"potentialAction":[{"@type":"SearchAction","target":{"@type":"EntryPoint","urlTemplate":"https:\/\/svenskanu.fi\/laromaterial\/norden-i-ett-notskal\/?s={search_term_string}"},"query-input":{"@type":"PropertyValueSpecification","valueRequired":true,"valueName":"search_term_string"}}],"inLanguage":"fi"},{"@type":"Organization","@id":"https:\/\/svenskanu.fi\/laromaterial\/norden-i-ett-notskal\/#organization","name":"Norden i ett n\u00f6tskal","url":"https:\/\/svenskanu.fi\/laromaterial\/norden-i-ett-notskal\/","logo":{"@type":"ImageObject","inLanguage":"fi","@id":"https:\/\/svenskanu.fi\/laromaterial\/norden-i-ett-notskal\/#\/schema\/logo\/image\/","url":"https:\/\/svenskanu.fi\/laromaterial\/norden-i-ett-notskal\/wp-content\/uploads\/2024\/08\/Norden-i-ett-notskal-rektangel.png","contentUrl":"https:\/\/svenskanu.fi\/laromaterial\/norden-i-ett-notskal\/wp-content\/uploads\/2024\/08\/Norden-i-ett-notskal-rektangel.png","width":500,"height":200,"caption":"Norden i ett n\u00f6tskal"},"image":{"@id":"https:\/\/svenskanu.fi\/laromaterial\/norden-i-ett-notskal\/#\/schema\/logo\/image\/"}}]}},"_links":{"self":[{"href":"https:\/\/svenskanu.fi\/laromaterial\/norden-i-ett-notskal\/wp-json\/wp\/v2\/pages\/7","targetHints":{"allow":["GET"]}}],"collection":[{"href":"https:\/\/svenskanu.fi\/laromaterial\/norden-i-ett-notskal\/wp-json\/wp\/v2\/pages"}],"about":[{"href":"https:\/\/svenskanu.fi\/laromaterial\/norden-i-ett-notskal\/wp-json\/wp\/v2\/types\/page"}],"author":[{"embeddable":true,"href":"https:\/\/svenskanu.fi\/laromaterial\/norden-i-ett-notskal\/wp-json\/wp\/v2\/users\/1"}],"replies":[{"embeddable":true,"href":"https:\/\/svenskanu.fi\/laromaterial\/norden-i-ett-notskal\/wp-json\/wp\/v2\/comments?post=7"}],"version-history":[{"count":121,"href":"https:\/\/svenskanu.fi\/laromaterial\/norden-i-ett-notskal\/wp-json\/wp\/v2\/pages\/7\/revisions"}],"predecessor-version":[{"id":1467,"href":"https:\/\/svenskanu.fi\/laromaterial\/norden-i-ett-notskal\/wp-json\/wp\/v2\/pages\/7\/revisions\/1467"}],"wp:featuredmedia":[{"embeddable":true,"href":"https:\/\/svenskanu.fi\/laromaterial\/norden-i-ett-notskal\/wp-json\/wp\/v2\/media\/1466"}],"wp:attachment":[{"href":"https:\/\/svenskanu.fi\/laromaterial\/norden-i-ett-notskal\/wp-json\/wp\/v2\/media?parent=7"}],"curies":[{"name":"wp","href":"https:\/\/api.w.org\/{rel}","templated":true}]}}