{"id":4063,"date":"2015-06-11T16:01:17","date_gmt":"2015-06-11T13:01:17","guid":{"rendered":"http:\/\/svenskanu.fi\/laromaterial\/nordiskalandskap\/?page_id=4063"},"modified":"2023-10-16T14:46:11","modified_gmt":"2023-10-16T11:46:11","slug":"3-gronland-2","status":"publish","type":"page","link":"https:\/\/svenskanu.fi\/laromaterial\/nordiskalandskap\/3-gronland-2\/","title":{"rendered":"3. Gr\u00f6nland"},"content":{"rendered":"<div class=\"l-submain wpb_row\"><div class=\"l-submain-h g-html i-cf\"><section class=\"wpb-content-wrapper\">[vc_row][vc_column width=&#8221;1\/1&#8243;]\n<div id=\"interactive-banner-1-wrap-8577\" class=\"ult-banner-block ult-adjust-bottom-margin ult-bb-none  banner-style01 \"   style=\"\">\n\t<img src=\"https:\/\/svenskanu.fi\/laromaterial\/nordiskalandskap\/wp-content\/uploads\/2015\/05\/Diskobukten-Gr\u00f6nland.jpg\" alt=\"null\">\n\t<div class=\"mask opaque-background\" style=\"background:rgba(36,36,36,0.01);\">\n\t\t<div  data-ultimate-target='#interactive-banner-1-wrap-8577 .bb-description'  data-responsive-json-new='{\"font-size\":\"\",\"line-height\":\"\"}'  class=\"bb-description ult-responsive\" style=\"font-weight:normal;color:#ffffff;\"><\/div>\n\t<\/div>\n<\/div>[vc_column_text]\n<!--[if lt IE 9]><script>document.createElement('audio');<\/script><![endif]-->\n<audio class=\"wp-audio-shortcode\" id=\"audio-4063-1\" preload=\"none\" style=\"width: 100%;\" controls=\"controls\"><source type=\"audio\/mpeg\" src=\"http:\/\/svenskanu.fi\/laromaterial\/nordiskalandskap\/wp-content\/uploads\/2015\/06\/Gr\u00f6nland-avancerat-KLAR.mp3?_=1\" \/><a href=\"http:\/\/svenskanu.fi\/laromaterial\/nordiskalandskap\/wp-content\/uploads\/2015\/06\/Gr\u00f6nland-avancerat-KLAR.mp3\">http:\/\/svenskanu.fi\/laromaterial\/nordiskalandskap\/wp-content\/uploads\/2015\/06\/Gr\u00f6nland-avancerat-KLAR.mp3<\/a><\/audio>\n[\/vc_column_text][\/vc_column][\/vc_row][vc_row][vc_column width=&#8221;1\/1&#8243;]<div class=\"ult-spacer spacer-69f32c1a98680\" data-id=\"69f32c1a98680\" data-height=\"20\" data-height-mobile=\"20\" data-height-tab=\"20\" data-height-tab-portrait=\"\" data-height-mobile-landscape=\"\" style=\"clear:both;display:block;\"><\/div>[\/vc_column][\/vc_row][vc_row][vc_column width=&#8221;1\/2&#8243;][vc_column_text]\n<h2>Diskobukten, Gr\u00f6nland<\/h2>\n<p><strong>Fakta:<\/strong><\/p>\n<p><em>Diskobukten \u00e4r ett vattenomr\u00e5de utanf\u00f6r Gr\u00f6nlands v\u00e4stkust, norr om den nordliga polcirkeln. Omr\u00e5det omkring Diskobukten uppt\u00e4cktes av europ\u00e9erna n\u00e4r Erik R\u00f6de 985 b\u00f6rjade bygga tv\u00e5 bos\u00e4ttningar, \u00d6stra bos\u00e4ttningen och V\u00e4stra bos\u00e4ttningen. De tv\u00e5 bos\u00e4ttningarna livn\u00e4rde sig p\u00e5 djursk\u00f6tsel. Strax efter att V\u00e4stra bos\u00e4ttningen stod klar begav sig nordm\u00e4nnen under sommarperioden upp l\u00e4ngs kusten och det var denna expedition som ledde dem till uppt\u00e4ckten av Diskobukten. Det mest intressanta i bukten var valrossarnas elfenben, s\u00e4larnas p\u00e4ls samt olika material fr\u00e5n valar. Dessa produkter blev den huvudsakliga exporten och inkomstk\u00e4llan f\u00f6r de gr\u00f6nl\u00e4ndska bos\u00e4ttarna som handlade med Island, England, Skottland, Irland, Wales och det europeiska fastlandet.<\/em><\/p>\n<p><em>Det \u00e4r os\u00e4kert n\u00e4r inuiterna b\u00f6rjade visa intresse f\u00f6r Diskobukten. Omr\u00e5det var obebott n\u00e4r nordm\u00e4nnen uppt\u00e4ckte det och i deras ber\u00e4ttelser finns dokumenterat handel med inuiter som kom fr\u00e5n norr och v\u00e4ster. Under en period anv\u00e4ndes bukten fredligt av de b\u00e5da grupperna men senare dokument visar p\u00e5 oroligheter p\u00e5 b\u00e5da sidor. Nordm\u00e4nnen l\u00e4mnade dock de gr\u00f6nl\u00e4ndska bos\u00e4ttningarna under den lilla istiden p\u00e5 1400-talet. De stora temperaturskiftningarna gjorde att Diskobukten blev otillg\u00e4ngligt under sommarm\u00e5naderna, vilket om\u00f6jliggjorde uppeh\u00e4llet f\u00f6r de gr\u00f6nl\u00e4ndska nordm\u00e4nnen. Till och med \u00d6stra bos\u00e4ttningen, som ligger s\u00f6der om polcirkeln blev f\u00f6r kallt f\u00f6r att leva i. Efter denna period fram till att europ\u00e9erna \u00e5terv\u00e4nde under 1700-talet kontrollerades Diskobukten av inuiterna.<\/em><\/p>\n<p>(K\u00e4lla: <a href=\"http:\/\/sv.wikipedia.org\/wiki\/Diskobukten\">Diskobukten<\/a>.)<\/p>\n<p><strong>Bakom bilden:<\/strong><\/p>\n<p>&#8220;Jag och andra fotografstudenter vid Axxell reste i juli 2012 till Gr\u00f6nland f\u00f6r att fotografera den fascinerande naturen. Kamerorna f\u00e5ngade bland annat flytande isberg, myskoxar och frustande valar.<\/p>\n<p>V\u00e5r grupp bes\u00f6kte f\u00f6rst trakterna kring Kangerlussuaq, vid glaci\u00e4rkanten i inlandet; ett omr\u00e5de med kalvande glaci\u00e4rer, f\u00e4rggranna v\u00e4xter, polarharar och myskoxar i ett st\u00e5tligt landskap. Det andra omr\u00e5det vi bes\u00f6kte var kustomr\u00e5det vid Ilulissat, med drivande isberg i Diskobukten. Ute p\u00e5 havet fanns bl.a. stormf\u00e5glar, trutar och bl\u00e5sande kn\u00f6lvalar som vi lyckades f\u00e5nga med v\u00e5ra kameror.&#8221;<\/p>\n<p>Sju naturfotografer vid Axxell, dvs. Kirsi, Sam Lindholm, Tapio Kaisla, Bo Johanson, Lars Sundstr\u00f6m, Sven Forsell och Bo Isomaa presenterade senare en gemensam utst\u00e4llning med 21 bilder av arktiska landskap, djur och m\u00e4nniskor p\u00e5 Gr\u00f6nland. Utst\u00e4llningen <em>Kalaallit Nunaat &#8211; Gr\u00f6nl\u00e4ndarnas land<\/em> har turnerat i Finland i flera \u00e5r.<\/p>\n<p>&#8220;Naturen kring Diskobukten \u00e4r fantastisk.\u00a0 Det var otroligt sp\u00e4nnande att se de enorma isbergen som flyter i vattnet och jag ville utnyttja ljuset och en l\u00e5ng slutartid f\u00f6r att skapa en lugn och harmonisk bild. P\u00e5 bilden finns h\u00e5rd is som blir till mjukt ludd i f\u00f6rgrunden (p\u00e5 grund av r\u00f6relsen). Det som oftast fotograferas med l\u00e5ng slutartid i naturen \u00e4r vatten. Vatten \u00e4r ofta i r\u00f6relse vilket g\u00f6r det tacksamt att fotografera med l\u00e5ng slutartid. Den h\u00e4r bilden har inte direkt vertikala linjer, men den har former och de flytande isflaken skapar horisontella linjer, s\u00e5 jag tyckte bilden passade in i helheten.&#8221;[\/vc_column_text][\/vc_column][vc_column width=&#8221;1\/2&#8243;][vc_tta_accordion][vc_tta_section title=&#8221;Flervalsfr\u00e5gor&#8221; tab_id=&#8221;1697456116806-1778c768-8663&#8243;][vc_wp_text]\n<div data-tf-live=\"01HCW4A1JWBEYFMM5KMQ16KKR6\"><\/div>\n<p><script src=\"\/\/embed.typeform.com\/next\/embed.js\"><\/script>[\/vc_wp_text][\/vc_tta_section][vc_tta_section title=&#8221;\u00d6ppna fr\u00e5gor&#8221; tab_id=&#8221;1697456116845-b4939912-2062&#8243;][vc_column_text]<strong>Besvara fr\u00e5gorna p\u00e5 svenska.<\/strong><\/p>\n<ol>\n<li>Varf\u00f6r blev Diskobukten ett viktigt omr\u00e5de f\u00f6r nordm\u00e4nnen?<\/li>\n<li>Vad s\u00e4gs det om samlevnaden av inuiterna och nordm\u00e4nnen<\/li>\n<li>N\u00e4mn tv\u00e5 saker som Kirsi ber\u00e4ttar om bilden.<\/li>\n<li>V\u00e4rldens st\u00f6rsta \u00f6 Gr\u00f6nland har en intressant historia.<br \/>\nVad var det mest intressanta du fick veta om Gr\u00f6nland i texten?<\/li>\n<\/ol>\n[\/vc_column_text][\/vc_tta_section][vc_tta_section title=&#8221;\u00d6va upp ditt ordf\u00f6rr\u00e5d&#8221; tab_id=&#8221;1697456182644-a6dcc4f8-fc46&#8243;][vc_column_text]<strong>a)<\/strong> <strong><a href=\"https:\/\/quizlet.com\/84704962\/flashcards\" target=\"_blank\" rel=\"noopener\">\u00d6va upp ditt ordf\u00f6rr\u00e5d med flashcards<\/a><br \/>\nb) S\u00f6k i texten alla <em>naturord<\/em><em>\u00a0<\/em> &#8211; ord som handlar om naturen.<\/strong>[\/vc_column_text][\/vc_tta_section][vc_tta_section title=&#8221;Diskutera&#8221; tab_id=&#8221;1697456259122-08377b1b-49a1&#8243;][vc_column_text]<strong>a) Diskutera med hj\u00e4lp av f\u00f6ljande fr\u00e5gor.<\/strong><\/p>\n<p><strong>Gr\u00f6nland:<\/strong><\/p>\n<ol>\n<li>Har du varit p\u00e5 Gr\u00f6nland eller k\u00e4nner du n\u00e5gon som har varit d\u00e4r? Skulle du vilja resa till Gr\u00f6nland?<\/li>\n<li>Det finns stora m\u00f6jligheter p\u00e5 Gr\u00f6nland att fotografera landskap, inlandsis, glaci\u00e4rer, isberg, valar, myskoxar, arktiska v\u00e4xter och m\u00e4nniskor.Vad skulle intressera dig mest? Varf\u00f6r?<\/li>\n<\/ol>\n<p><strong>Dr\u00f6mmar:<\/strong><\/p>\n<ol>\n<li>Gr\u00f6nland har varit ett dr\u00f6mresem\u00e5l f\u00f6r Kirsi \u00e4nda sedan hon var liten, och hon var oerh\u00f6rt glad att hon \u00e4ntligen fick chansen att resa dit.<br \/>\nVad hade du f\u00f6r dr\u00f6mresem\u00e5l n\u00e4r du var barn?<br \/>\nHar du redan rest dit?<\/li>\n<li>Tycker du att det \u00e4r viktigt att s\u00e4tta upp framtidsm\u00e5l?<\/li>\n<li>Vad har du f\u00f6r framtidsdr\u00f6mmar?<\/li>\n<li>Har du redan f\u00f6rverkligat n\u00e5gra av dina dr\u00f6mmar? Vad kan du ber\u00e4tta om dem?<\/li>\n<\/ol>\n<p><strong>b)\u00a0<\/strong><strong>L\u00e4s texten &#8220;bakom bilden&#8221; och diskutera bilden med hj\u00e4lp av f\u00f6ljande fr\u00e5gor.<\/strong><\/p>\n<ol>\n<li>Beskriv st\u00e4mningen i bilden.<\/li>\n<li>Beskriv ljus, f\u00e4rger och former i bilden.<\/li>\n<li>Beskriv linjer (horisontaler, vertikaler, diagonaler).<\/li>\n<li>Vad tycker du om bilden? Vad fastnade du f\u00f6r?<\/li>\n<\/ol>\n[\/vc_column_text][\/vc_tta_section][vc_tta_section title=&#8221;Annat&#8221; tab_id=&#8221;1697456322894-a05cf43b-8b96&#8243;][vc_column_text]<strong>a) Instagram: <\/strong>Ta en egen landskapsbild.<br \/>\nFundera p\u00e5 ljuset och f\u00f6rs\u00f6k skapa en lugn och harmonisk bild.<br \/>\nL\u00e4gg upp bilden p\u00e5 Instagram med #nordiskalandskap @svenskanu<\/p>\n<p><strong>b) Vad allt finns det att se p\u00e5 Gr\u00f6nland?<br \/>\n<\/strong><a href=\"https:\/\/visitgreenland.com\/da\/destinationer\/\" target=\"_blank\" rel=\"noopener\">Bes\u00f6k Visit Greenlands sidor.<\/a>\u00a0Vart skulle du vilja \u00e5ka?[\/vc_column_text][\/vc_tta_section][\/vc_tta_accordion][\/vc_column][\/vc_row][vc_row][vc_column width=&#8221;1\/1&#8243;][\/vc_column][\/vc_row]\n<\/section><\/div><\/div>","protected":false},"excerpt":{"rendered":"<p>[vc_row][vc_column width=&#8221;1\/1&#8243;][vc_column_text] [\/vc_column_text][\/vc_column][\/vc_row][vc_row][vc_column width=&#8221;1\/1&#8243;][\/vc_column][\/vc_row][vc_row][vc_column width=&#8221;1\/2&#8243;][vc_column_text] Diskobukten, Gr\u00f6nland Fakta: Diskobukten \u00e4r ett vattenomr\u00e5de utanf\u00f6r Gr\u00f6nlands v\u00e4stkust, norr om den nordliga polcirkeln. Omr\u00e5det omkring Diskobukten uppt\u00e4cktes av europ\u00e9erna n\u00e4r Erik R\u00f6de 985 b\u00f6rjade bygga tv\u00e5 bos\u00e4ttningar, \u00d6stra bos\u00e4ttningen och V\u00e4stra bos\u00e4ttningen. De&#8230;<\/p>\n","protected":false},"author":2,"featured_media":0,"parent":0,"menu_order":10,"comment_status":"open","ping_status":"open","template":"","meta":{"footnotes":""},"acf":[],"_links":{"self":[{"href":"https:\/\/svenskanu.fi\/laromaterial\/nordiskalandskap\/wp-json\/wp\/v2\/pages\/4063"}],"collection":[{"href":"https:\/\/svenskanu.fi\/laromaterial\/nordiskalandskap\/wp-json\/wp\/v2\/pages"}],"about":[{"href":"https:\/\/svenskanu.fi\/laromaterial\/nordiskalandskap\/wp-json\/wp\/v2\/types\/page"}],"author":[{"embeddable":true,"href":"https:\/\/svenskanu.fi\/laromaterial\/nordiskalandskap\/wp-json\/wp\/v2\/users\/2"}],"replies":[{"embeddable":true,"href":"https:\/\/svenskanu.fi\/laromaterial\/nordiskalandskap\/wp-json\/wp\/v2\/comments?post=4063"}],"version-history":[{"count":22,"href":"https:\/\/svenskanu.fi\/laromaterial\/nordiskalandskap\/wp-json\/wp\/v2\/pages\/4063\/revisions"}],"predecessor-version":[{"id":4519,"href":"https:\/\/svenskanu.fi\/laromaterial\/nordiskalandskap\/wp-json\/wp\/v2\/pages\/4063\/revisions\/4519"}],"wp:attachment":[{"href":"https:\/\/svenskanu.fi\/laromaterial\/nordiskalandskap\/wp-json\/wp\/v2\/media?parent=4063"}],"curies":[{"name":"wp","href":"https:\/\/api.w.org\/{rel}","templated":true}]}}