{"id":4103,"date":"2015-06-23T17:00:19","date_gmt":"2015-06-23T14:00:19","guid":{"rendered":"http:\/\/svenskanu.fi\/laromaterial\/nordiskalandskap\/?page_id=4103"},"modified":"2023-10-16T14:24:13","modified_gmt":"2023-10-16T11:24:13","slug":"5-norge","status":"publish","type":"page","link":"https:\/\/svenskanu.fi\/laromaterial\/nordiskalandskap\/5-norge\/","title":{"rendered":"5. Norge"},"content":{"rendered":"<div class=\"l-submain wpb_row\"><div class=\"l-submain-h g-html i-cf\"><section class=\"wpb-content-wrapper\">[vc_row][vc_column width=&#8221;1\/1&#8243;]\n<div id=\"interactive-banner-1-wrap-1726\" class=\"ult-banner-block ult-adjust-bottom-margin ult-bb-none  banner-style01 \"   style=\"\">\n\t<img src=\"https:\/\/svenskanu.fi\/laromaterial\/nordiskalandskap\/wp-content\/uploads\/2015\/06\/Lofoten-Norge.jpg\" alt=\"null\">\n\t<div class=\"mask opaque-background\" style=\"background:rgba(36,36,36,0.01);\">\n\t\t<div  data-ultimate-target='#interactive-banner-1-wrap-1726 .bb-description'  data-responsive-json-new='{\"font-size\":\"\",\"line-height\":\"\"}'  class=\"bb-description ult-responsive\" style=\"font-weight:normal;color:#ffffff;\"><\/div>\n\t<\/div>\n<\/div>[vc_column_text]\n<!--[if lt IE 9]><script>document.createElement('audio');<\/script><![endif]-->\n<audio class=\"wp-audio-shortcode\" id=\"audio-4103-1\" preload=\"none\" style=\"width: 100%;\" controls=\"controls\"><source type=\"audio\/mpeg\" src=\"http:\/\/svenskanu.fi\/laromaterial\/nordiskalandskap\/wp-content\/uploads\/2015\/06\/Norge-L\u00e4tt-KLAR.mp3?_=1\" \/><a href=\"http:\/\/svenskanu.fi\/laromaterial\/nordiskalandskap\/wp-content\/uploads\/2015\/06\/Norge-L\u00e4tt-KLAR.mp3\">http:\/\/svenskanu.fi\/laromaterial\/nordiskalandskap\/wp-content\/uploads\/2015\/06\/Norge-L\u00e4tt-KLAR.mp3<\/a><\/audio>\n[\/vc_column_text][\/vc_column][\/vc_row][vc_row][vc_column width=&#8221;1\/1&#8243;]<div class=\"ult-spacer spacer-69f17e36b7292\" data-id=\"69f17e36b7292\" data-height=\"20\" data-height-mobile=\"20\" data-height-tab=\"20\" data-height-tab-portrait=\"\" data-height-mobile-landscape=\"\" style=\"clear:both;display:block;\"><\/div>[\/vc_column][\/vc_row][vc_row][vc_column width=&#8221;1\/2&#8243;][vc_column_text]\n<h2>Lofoten, Norge<\/h2>\n<p>Lofoten \u00e4r en dr\u00f6m f\u00f6r varje fotograf.<\/p>\n<p>&#8220;Jag hade l\u00e4nge dr\u00f6mt om<br \/>\nLofotens fantastiska vinterlandskap<br \/>\nn\u00e4r jag reste dit i mars 2014 med en v\u00e4ninna.<\/p>\n<p>Vi valde att bo i en rorbu-stuga under v\u00e5r semester.<br \/>\nDet var en speciell upplevelse.&#8221;<\/p>\n<p>En rorbu-stuga \u00e4r en traditionell fiskarstuga.<br \/>\nEn del av stugan vilar p\u00e5 p\u00e5lar och<br \/>\nvetter mot havet.<\/p>\n<p>&#8220;Tyv\u00e4rr hade vi otur med v\u00e4dret.<br \/>\nStormen <em>Kyrre<\/em> h\u00e4rjade kraftigt och<br \/>\ngjorde stor skada n\u00e4r vi var d\u00e4r.<br \/>\nFotografer tycker om moln och varierande v\u00e4der,<br \/>\nmen det stormade s\u00e5 v\u00e5ldsamt<br \/>\natt det var om\u00f6jligt att fotografera under n\u00e4stan hela resan.&#8221;<\/p>\n<p>En av de finaste str\u00e4nderna p\u00e5 Lofoten<br \/>\nfinns vid Haukland.<br \/>\nH\u00e4r ligger tv\u00e5 kritvita str\u00e4nder mellan h\u00f6ga fj\u00e4ll.<\/p>\n<p>&#8220;Den h\u00e4r bilden tog jag p\u00e5 stranden vid Haukland.<br \/>\nVattnet skapar en labyrint<br \/>\np\u00e5 sin v\u00e4g mot havet.<\/p>\n<p>N\u00e4r man har en intressant f\u00f6rgrund,<br \/>\nett mellanparti och en bakgrund,<br \/>\nger det djupet i bilden en framtr\u00e4dande roll.<br \/>\nBetraktarens blick sugs in i bilden<br \/>\ntack vare kraftiga linjer i strandvattnet.<\/p>\n<p>Det m\u00f6rka berget har en motvikt<br \/>\ni den m\u00f6rka t\u00e5ngen i f\u00f6rgrunden.<br \/>\nSandstr\u00e4nderna \u00e4r fascinerande.<br \/>\nDe f\u00f6r\u00e4ndras hela tiden p\u00e5 grund av tidvattnet.<\/p>\n<p>Ofta f\u00e5r man det b\u00e4sta fotografiet<br \/>\nn\u00e4r v\u00e5gorna \u00e4r p\u00e5 v\u00e4g tillbaka.<br \/>\nLinjespelet kan bli mycket intressant.&#8221;[\/vc_column_text][\/vc_column][vc_column width=&#8221;1\/2&#8243;][vc_tta_accordion][vc_tta_section title=&#8221;Flervalsfr\u00e5gor&#8221; tab_id=&#8221;1697201386765-63d250bb-fc8f&#8221;][vc_wp_text]\n<div data-tf-live=\"01HCMHCN6MRCVZ88R8Z3JCFYTS\"><\/div>\n<p><script src=\"\/\/embed.typeform.com\/next\/embed.js\"><\/script>[\/vc_wp_text][\/vc_tta_section][vc_tta_section title=&#8221;\u00d6ppna fr\u00e5gor&#8221; tab_id=&#8221;1697201386794-95441332-2897&#8243;][vc_column_text]<strong>Besvara fr\u00e5gorna p\u00e5 svenska.<\/strong><\/p>\n<ol>\n<li>Vad s\u00e4ger Kirsi om fotograferingen av sandstr\u00e4nder?<\/li>\n<li>N\u00e4mn tv\u00e5 saker som Kirsi ber\u00e4ttar om bilden.<\/li>\n<\/ol>\n[\/vc_column_text][\/vc_tta_section][vc_tta_section title=&#8221;\u00d6va upp ditt ordf\u00f6rr\u00e5d&#8221; tab_id=&#8221;1697201489179-69f6ea9e-b501&#8243;][vc_column_text]<strong>a) <a href=\"https:\/\/quizlet.com\/86294754\/flashcards\" target=\"_blank\" rel=\"noopener\">\u00d6va upp ditt ordf\u00f6rr\u00e5d med flashcards<\/a><\/strong><\/p>\n<p><strong>b) S\u00f6k i texten ord och uttryck som handlar om v\u00e4der och klimat.<\/strong>[\/vc_column_text][\/vc_tta_section][vc_tta_section title=&#8221;Diskutera&#8221; tab_id=&#8221;1697201578955-c8f60c27-133c&#8221;][vc_column_text]<strong>Diskutera bilden med hj\u00e4lp av f\u00f6ljande fr\u00e5gor.<\/strong><\/p>\n<ol>\n<li>Beskriv st\u00e4mningen i bilden.<\/li>\n<li>P\u00e5 vilket s\u00e4tt har man uppn\u00e5tt en tredimensionell k\u00e4nsla i bilden?<\/li>\n<li>Beskriv ljus, f\u00e4rger och former i bilden.<\/li>\n<li>Beskriv linjer (horisontaler, vertikaler, diagonaler).<\/li>\n<li>Vad tycker du om bilden? Vad fastnade du f\u00f6r?<\/li>\n<\/ol>\n[\/vc_column_text][\/vc_tta_section][vc_tta_section title=&#8221;Annat&#8221; tab_id=&#8221;1697201864033-9d0d5f87-2638&#8243;][vc_column_text]<strong>a) Planera en fotograferingsresa.<\/strong><br \/>\nN\u00e4r man planerar en fotograferingsresa<br \/>\nm\u00e5ste man kolla v\u00e4dret varje dag.<br \/>\nKolla p\u00e5 n\u00e4tet hur v\u00e4dret \u00e4r i ditt dr\u00f6mresem\u00e5l just nu.<br \/>\nJ\u00e4mf\u00f6r sedan resultat med en kompis eller i sm\u00e5 grupper.<\/p>\n<ol>\n<li>Temperatur dag\/natt?<\/li>\n<li>Vindinriktning och vindhastighet?<\/li>\n<li>H\u00f6gtryck eller l\u00e5gtryck?<\/li>\n<li>Varmfront\/kallfront?<\/li>\n<li>Hur stor \u00e4r molnigheten?<\/li>\n<li>Solens upp- och nedg\u00e5ng?<\/li>\n<\/ol>\n<p><strong>b) Instagram: <\/strong>Ta en egen landskapsbild.<br \/>\nFundera p\u00e5 bildens komposition: f\u00f6rgrund, mellanparti och bakgrund.<br \/>\nL\u00e4gg upp bilden p\u00e5 Instagram med #nordiskalandskap @svenskanu<\/p>\n<p><strong>c) Para ihop.<\/strong> Man f\u00e5r vara beredd p\u00e5 alla slags v\u00e4der p\u00e5 Lofoten. <a href=\"https:\/\/learningapps.org\/watch?v=pwapydm9523\" target=\"_blank\" rel=\"noopener\">Para ihop dessa uttryck.<\/a>[\/vc_column_text][\/vc_tta_section][\/vc_tta_accordion][\/vc_column][\/vc_row][vc_row][vc_column width=&#8221;1\/1&#8243;][\/vc_column][\/vc_row][vc_row][vc_column width=&#8221;1\/1&#8243;][\/vc_column][\/vc_row]\n<\/section><\/div><\/div>","protected":false},"excerpt":{"rendered":"<p>[vc_row][vc_column width=&#8221;1\/1&#8243;][vc_column_text] [\/vc_column_text][\/vc_column][\/vc_row][vc_row][vc_column width=&#8221;1\/1&#8243;][\/vc_column][\/vc_row][vc_row][vc_column width=&#8221;1\/2&#8243;][vc_column_text] Lofoten, Norge Lofoten \u00e4r en dr\u00f6m f\u00f6r varje fotograf. &#8220;Jag hade l\u00e4nge dr\u00f6mt om Lofotens fantastiska vinterlandskap n\u00e4r jag reste dit i mars 2014 med en v\u00e4ninna. Vi valde att bo i en rorbu-stuga under&#8230;<\/p>\n","protected":false},"author":2,"featured_media":0,"parent":0,"menu_order":5,"comment_status":"open","ping_status":"open","template":"","meta":{"footnotes":""},"acf":[],"_links":{"self":[{"href":"https:\/\/svenskanu.fi\/laromaterial\/nordiskalandskap\/wp-json\/wp\/v2\/pages\/4103"}],"collection":[{"href":"https:\/\/svenskanu.fi\/laromaterial\/nordiskalandskap\/wp-json\/wp\/v2\/pages"}],"about":[{"href":"https:\/\/svenskanu.fi\/laromaterial\/nordiskalandskap\/wp-json\/wp\/v2\/types\/page"}],"author":[{"embeddable":true,"href":"https:\/\/svenskanu.fi\/laromaterial\/nordiskalandskap\/wp-json\/wp\/v2\/users\/2"}],"replies":[{"embeddable":true,"href":"https:\/\/svenskanu.fi\/laromaterial\/nordiskalandskap\/wp-json\/wp\/v2\/comments?post=4103"}],"version-history":[{"count":16,"href":"https:\/\/svenskanu.fi\/laromaterial\/nordiskalandskap\/wp-json\/wp\/v2\/pages\/4103\/revisions"}],"predecessor-version":[{"id":4510,"href":"https:\/\/svenskanu.fi\/laromaterial\/nordiskalandskap\/wp-json\/wp\/v2\/pages\/4103\/revisions\/4510"}],"wp:attachment":[{"href":"https:\/\/svenskanu.fi\/laromaterial\/nordiskalandskap\/wp-json\/wp\/v2\/media?parent=4103"}],"curies":[{"name":"wp","href":"https:\/\/api.w.org\/{rel}","templated":true}]}}

<div class="l-submain wpb_row"><div class="l-submain-h g-html i-cf"><section class="wpb-content-wrapper">[vc_row][vc_column width=&#8221;1/1&#8243;]
<div id="interactive-banner-1-wrap-1726" class="ult-banner-block ult-adjust-bottom-margin ult-bb-none  banner-style01 "   style="">
	<img src="https://svenskanu.fi/laromaterial/nordiskalandskap/wp-content/uploads/2015/06/Lofoten-Norge.jpg" alt="null">
	<div class="mask opaque-background" style="background:rgba(36,36,36,0.01);">
		<div  data-ultimate-target='#interactive-banner-1-wrap-1726 .bb-description'  data-responsive-json-new='{"font-size":"","line-height":""}'  class="bb-description ult-responsive" style="font-weight:normal;color:#ffffff;"></div>
	</div>
</div>[vc_column_text]
<!--[if lt IE 9]><script>document.createElement('audio');</script><![endif]-->
<audio class="wp-audio-shortcode" id="audio-4103-1" preload="none" style="width: 100%;" controls="controls"><source type="audio/mpeg" src="http://svenskanu.fi/laromaterial/nordiskalandskap/wp-content/uploads/2015/06/Norge-Lätt-KLAR.mp3?_=1" /><a href="http://svenskanu.fi/laromaterial/nordiskalandskap/wp-content/uploads/2015/06/Norge-Lätt-KLAR.mp3">http://svenskanu.fi/laromaterial/nordiskalandskap/wp-content/uploads/2015/06/Norge-Lätt-KLAR.mp3</a></audio>
[/vc_column_text][/vc_column][/vc_row][vc_row][vc_column width=&#8221;1/1&#8243;]<div class="ult-spacer spacer-69f17e36b7292" data-id="69f17e36b7292" data-height="20" data-height-mobile="20" data-height-tab="20" data-height-tab-portrait="" data-height-mobile-landscape="" style="clear:both;display:block;"></div>[/vc_column][/vc_row][vc_row][vc_column width=&#8221;1/2&#8243;][vc_column_text]
<h2>Lofoten, Norge</h2>
<p>Lofoten är en dröm för varje fotograf.</p>
<p>&#8220;Jag hade länge drömt om<br />
Lofotens fantastiska vinterlandskap<br />
när jag reste dit i mars 2014 med en väninna.</p>
<p>Vi valde att bo i en rorbu-stuga under vår semester.<br />
Det var en speciell upplevelse.&#8221;</p>
<p>En rorbu-stuga är en traditionell fiskarstuga.<br />
En del av stugan vilar på pålar och<br />
vetter mot havet.</p>
<p>&#8220;Tyvärr hade vi otur med vädret.<br />
Stormen <em>Kyrre</em> härjade kraftigt och<br />
gjorde stor skada när vi var där.<br />
Fotografer tycker om moln och varierande väder,<br />
men det stormade så våldsamt<br />
att det var omöjligt att fotografera under nästan hela resan.&#8221;</p>
<p>En av de finaste stränderna på Lofoten<br />
finns vid Haukland.<br />
Här ligger två kritvita stränder mellan höga fjäll.</p>
<p>&#8220;Den här bilden tog jag på stranden vid Haukland.<br />
Vattnet skapar en labyrint<br />
på sin väg mot havet.</p>
<p>När man har en intressant förgrund,<br />
ett mellanparti och en bakgrund,<br />
ger det djupet i bilden en framträdande roll.<br />
Betraktarens blick sugs in i bilden<br />
tack vare kraftiga linjer i strandvattnet.</p>
<p>Det mörka berget har en motvikt<br />
i den mörka tången i förgrunden.<br />
Sandstränderna är fascinerande.<br />
De förändras hela tiden på grund av tidvattnet.</p>
<p>Ofta får man det bästa fotografiet<br />
när vågorna är på väg tillbaka.<br />
Linjespelet kan bli mycket intressant.&#8221;[/vc_column_text][/vc_column][vc_column width=&#8221;1/2&#8243;][vc_tta_accordion][vc_tta_section title=&#8221;Flervalsfrågor&#8221; tab_id=&#8221;1697201386765-63d250bb-fc8f&#8221;][vc_wp_text]
<div data-tf-live="01HCMHCN6MRCVZ88R8Z3JCFYTS"></div>
<p><script src="//embed.typeform.com/next/embed.js"></script>[/vc_wp_text][/vc_tta_section][vc_tta_section title=&#8221;Öppna frågor&#8221; tab_id=&#8221;1697201386794-95441332-2897&#8243;][vc_column_text]<strong>Besvara frågorna på svenska.</strong></p>
<ol>
<li>Vad säger Kirsi om fotograferingen av sandstränder?</li>
<li>Nämn två saker som Kirsi berättar om bilden.</li>
</ol>
[/vc_column_text][/vc_tta_section][vc_tta_section title=&#8221;Öva upp ditt ordförråd&#8221; tab_id=&#8221;1697201489179-69f6ea9e-b501&#8243;][vc_column_text]<strong>a) <a href="https://quizlet.com/86294754/flashcards" target="_blank" rel="noopener">Öva upp ditt ordförråd med flashcards</a></strong></p>
<p><strong>b) Sök i texten ord och uttryck som handlar om väder och klimat.</strong>[/vc_column_text][/vc_tta_section][vc_tta_section title=&#8221;Diskutera&#8221; tab_id=&#8221;1697201578955-c8f60c27-133c&#8221;][vc_column_text]<strong>Diskutera bilden med hjälp av följande frågor.</strong></p>
<ol>
<li>Beskriv stämningen i bilden.</li>
<li>På vilket sätt har man uppnått en tredimensionell känsla i bilden?</li>
<li>Beskriv ljus, färger och former i bilden.</li>
<li>Beskriv linjer (horisontaler, vertikaler, diagonaler).</li>
<li>Vad tycker du om bilden? Vad fastnade du för?</li>
</ol>
[/vc_column_text][/vc_tta_section][vc_tta_section title=&#8221;Annat&#8221; tab_id=&#8221;1697201864033-9d0d5f87-2638&#8243;][vc_column_text]<strong>a) Planera en fotograferingsresa.</strong><br />
När man planerar en fotograferingsresa<br />
måste man kolla vädret varje dag.<br />
Kolla på nätet hur vädret är i ditt drömresemål just nu.<br />
Jämför sedan resultat med en kompis eller i små grupper.</p>
<ol>
<li>Temperatur dag/natt?</li>
<li>Vindinriktning och vindhastighet?</li>
<li>Högtryck eller lågtryck?</li>
<li>Varmfront/kallfront?</li>
<li>Hur stor är molnigheten?</li>
<li>Solens upp- och nedgång?</li>
</ol>
<p><strong>b) Instagram: </strong>Ta en egen landskapsbild.<br />
Fundera på bildens komposition: förgrund, mellanparti och bakgrund.<br />
Lägg upp bilden på Instagram med #nordiskalandskap @svenskanu</p>
<p><strong>c) Para ihop.</strong> Man får vara beredd på alla slags väder på Lofoten. <a href="https://learningapps.org/watch?v=pwapydm9523" target="_blank" rel="noopener">Para ihop dessa uttryck.</a>[/vc_column_text][/vc_tta_section][/vc_tta_accordion][/vc_column][/vc_row][vc_row][vc_column width=&#8221;1/1&#8243;][/vc_column][/vc_row][vc_row][vc_column width=&#8221;1/1&#8243;][/vc_column][/vc_row]
</section></div></div>

<p>[vc_row][vc_column width=&#8221;1/1&#8243;][vc_column_text] [/vc_column_text][/vc_column][/vc_row][vc_row][vc_column width=&#8221;1/1&#8243;][/vc_column][/vc_row][vc_row][vc_column width=&#8221;1/2&#8243;][vc_column_text] Lofoten, Norge Lofoten är en dröm för varje fotograf. &#8220;Jag hade länge drömt om Lofotens fantastiska vinterlandskap när jag reste dit i mars 2014 med en väninna. Vi valde att bo i en rorbu-stuga under&#8230;</p>
