{"id":4109,"date":"2015-06-23T17:09:22","date_gmt":"2015-06-23T14:09:22","guid":{"rendered":"http:\/\/svenskanu.fi\/laromaterial\/nordiskalandskap\/?page_id=4109"},"modified":"2023-10-16T14:09:05","modified_gmt":"2023-10-16T11:09:05","slug":"7-finland","status":"publish","type":"page","link":"https:\/\/svenskanu.fi\/laromaterial\/nordiskalandskap\/7-finland\/","title":{"rendered":"7. Finland"},"content":{"rendered":"<div class=\"l-submain wpb_row\"><div class=\"l-submain-h g-html i-cf\"><section class=\"wpb-content-wrapper\">[vc_row][vc_column width=&#8221;1\/1&#8243;]\n<div id=\"interactive-banner-1-wrap-1416\" class=\"ult-banner-block ult-adjust-bottom-margin ult-bb-none  banner-style01 \"   style=\"\">\n\t<img src=\"https:\/\/svenskanu.fi\/laromaterial\/nordiskalandskap\/wp-content\/uploads\/2015\/06\/Porkala-udd-Finland.jpg\" alt=\"null\">\n\t<div class=\"mask opaque-background\" style=\"background:rgba(36,36,36,0.01);\">\n\t\t<div  data-ultimate-target='#interactive-banner-1-wrap-1416 .bb-description'  data-responsive-json-new='{\"font-size\":\"\",\"line-height\":\"\"}'  class=\"bb-description ult-responsive\" style=\"font-weight:normal;color:#ffffff;\"><\/div>\n\t<\/div>\n<\/div>[vc_column_text]\n<!--[if lt IE 9]><script>document.createElement('audio');<\/script><![endif]-->\n<audio class=\"wp-audio-shortcode\" id=\"audio-4109-1\" preload=\"none\" style=\"width: 100%;\" controls=\"controls\"><source type=\"audio\/mpeg\" src=\"http:\/\/svenskanu.fi\/laromaterial\/nordiskalandskap\/wp-content\/uploads\/2015\/06\/Finland-L\u00e4ttl\u00e4st-KLAR.mp3?_=1\" \/><a href=\"http:\/\/svenskanu.fi\/laromaterial\/nordiskalandskap\/wp-content\/uploads\/2015\/06\/Finland-L\u00e4ttl\u00e4st-KLAR.mp3\">http:\/\/svenskanu.fi\/laromaterial\/nordiskalandskap\/wp-content\/uploads\/2015\/06\/Finland-L\u00e4ttl\u00e4st-KLAR.mp3<\/a><\/audio>\n[\/vc_column_text][\/vc_column][\/vc_row][vc_row][vc_column width=&#8221;1\/1&#8243;]<div class=\"ult-spacer spacer-69f1912856835\" data-id=\"69f1912856835\" data-height=\"20\" data-height-mobile=\"20\" data-height-tab=\"20\" data-height-tab-portrait=\"\" data-height-mobile-landscape=\"\" style=\"clear:both;display:block;\"><\/div>[\/vc_column][\/vc_row][vc_row][vc_column width=&#8221;1\/2&#8243;][vc_column_text]\n<h2>Porkala udd, Kyrksl\u00e4tt, Finland<\/h2>\n<p>&#8220;Jag har gjort m\u00e5nga fotoutflykter<br \/>\ntill Porkala med mina v\u00e4nner.<br \/>\nI januari 2014 hade vi tur med v\u00e4dret och ljuset!&#8221;<\/p>\n<p>Vintertiden \u00e4r kontrasternas tid.<br \/>\nIs och sn\u00f6 skapar ett enformigt landskap<br \/>\nsamtidigt som himlen kan bjuda p\u00e5 en fantastisk f\u00e4rgshow.<\/p>\n<p>&#8220;Jag f\u00f6rs\u00f6ker alltid ta landskapsbilder som<br \/>\nger ett tredimensionellt intryck.<br \/>\nUltravidvinkelobjektivet passar bra f\u00f6r min stil.<br \/>\nMed vidvinkelobjektivet har jag<br \/>\nskapat en dragning in i bilden.&#8221;<\/p>\n<p>I bilden kan man se ett intressant linjespel,<br \/>\nd\u00e4r b\u00e5de himlen och f\u00f6rgrunden<br \/>\nstr\u00e4cker sig ut mot \u00f6n i horisonten.<\/p>\n<p>&#8220;De runda formerna vid strandkanten<br \/>\noch upprepningarna \u00e4r fina, tycker jag.<\/p>\n<p>Det \u00e4r viktigt f\u00f6r mig att f\u00e5 djup<br \/>\ni mina landskapsbilder och<br \/>\natt leda betraktarens blick in i bilden.&#8221;[\/vc_column_text][\/vc_column][vc_column width=&#8221;1\/2&#8243;][vc_tta_accordion][vc_tta_section title=&#8221;Flervalsfr\u00e5gor&#8221; tab_id=&#8221;1697454313479-186fecbb-6d90&#8243;][vc_wp_text]\n<div data-tf-live=\"01HCW2H6X62PV1TZ7VSXNMFPA2\"><\/div>\n<p><script src=\"\/\/embed.typeform.com\/next\/embed.js\"><\/script>[\/vc_wp_text][\/vc_tta_section][vc_tta_section title=&#8221;\u00d6ppna fr\u00e5gor&#8221; tab_id=&#8221;1697454358723-a0989f7f-5d88&#8243;][vc_column_text]<strong>Besvara fr\u00e5gan p\u00e5 svenska.<\/strong><\/p>\n<p>Hur syns det p\u00e5 bilden att &#8220;vintertiden \u00e4r kontrasternas tid&#8221;?[\/vc_column_text][\/vc_tta_section][vc_tta_section title=&#8221;\u00d6va upp ditt ordf\u00f6rr\u00e5d&#8221; tab_id=&#8221;1697454389767-ad27ef91-6f91&#8243;][vc_column_text]<strong>a) <a href=\"https:\/\/quizlet.com\/86295068\/flashcards\">\u00d6va upp ditt ordf\u00f6rr\u00e5d med flashcards<\/a><\/strong><\/p>\n<p><strong>b) S\u00f6k nya ord i texten.<\/strong> S\u00f6k i texten alla ord som \u00e4r nya f\u00f6r dig. Vet du vad de betyder?[\/vc_column_text][\/vc_tta_section][vc_tta_section title=&#8221;Diskutera&#8221; tab_id=&#8221;1697454477210-292971e4-9447&#8243;][vc_column_text]<strong>a) Diskutera med hj\u00e4lp av f\u00f6ljande fr\u00e5gor.<\/strong><\/p>\n<ol>\n<li>Varje \u00e5rstid \u00e4r vacker p\u00e5 sitt eget s\u00e4tt. Vilken \u00e4r din favorit\u00e5rstid och varf\u00f6r?<\/li>\n<li>Hur mycket tid brukar du tillbringa ute i naturen?<\/li>\n<li>Vilka \u00e4r dina favoritst\u00e4llen i naturen?<\/li>\n<li>Vad brukar du g\u00f6ra i naturen?<\/li>\n<li>Vilka aktiviteter intresserar dig i naturen?<br \/>\nHar du provat p\u00e5 n\u00e5got av de h\u00e4r?<\/li>\n<\/ol>\n<table>\n<tbody>\n<tr>\n<td>b\u00e5tliv<\/td>\n<td>f\u00e5gelsk\u00e5dning<\/td>\n<\/tr>\n<tr>\n<td>kl\u00e4ttring<\/td>\n<td>orientering<\/td>\n<\/tr>\n<tr>\n<td>skid\u00e5kning<\/td>\n<td>ridning<\/td>\n<\/tr>\n<tr>\n<td>segling<\/td>\n<td>fotografering<\/td>\n<\/tr>\n<tr>\n<td>jakt<\/td>\n<td>paddling<\/td>\n<\/tr>\n<tr>\n<td>vandring<\/td>\n<td>sn\u00f6skog\u00e5ng<\/td>\n<\/tr>\n<tr>\n<td>fiske<\/td>\n<td>geocaching<\/td>\n<\/tr>\n<tr>\n<td>l\u00e5ngf\u00e4rdsskridsko<\/td>\n<td><\/td>\n<\/tr>\n<tr>\n<td>b\u00e4r- och svampplockning<\/td>\n<td><\/td>\n<\/tr>\n<\/tbody>\n<\/table>\n<p>&nbsp;<\/p>\n<p><strong>b)<\/strong> <strong>Diskutera bilden med hj\u00e4lp av f\u00f6ljande fr\u00e5gor.<\/strong><\/p>\n<ol>\n<li>Beskriv st\u00e4mningen i bilden.<\/li>\n<li>En landskapsbild kan f\u00e5 mer karakt\u00e4r av en molnbestr\u00f6dd himmel. Hur har man anv\u00e4nt molnen i denna bild?<\/li>\n<li>P\u00e5 vilket s\u00e4tt har man uppn\u00e5tt en tredimensionell k\u00e4nsla i bilden?<\/li>\n<li>Beskriv ljus, f\u00e4rger och former i bilden.<\/li>\n<li>Beskriv linjer (horisontaler, vertikaler, diagonaler).<\/li>\n<li>Vad tycker du om bilden? Vad fastnade du f\u00f6r?<\/li>\n<\/ol>\n[\/vc_column_text][\/vc_tta_section][vc_tta_section title=&#8221;Annat&#8221; tab_id=&#8221;1697454529304-73d5c07a-7e21&#8243;][vc_column_text]<strong>Instagram: <\/strong>Ta en egen landskapsbild.<br \/>\nF\u00f6rs\u00f6k hitta kontraster i landskapet.<br \/>\nFundera p\u00e5 st\u00e4mningen, kompositionen, ljus, f\u00e4rger.<br \/>\nL\u00e4gg upp bilden p\u00e5 Instagram med #nordiskalandskap @svenskanu[\/vc_column_text][\/vc_tta_section][\/vc_tta_accordion][\/vc_column][\/vc_row][vc_row][vc_column width=&#8221;1\/1&#8243;][\/vc_column][\/vc_row]\n<\/section><\/div><\/div>","protected":false},"excerpt":{"rendered":"<p>[vc_row][vc_column width=&#8221;1\/1&#8243;][vc_column_text] [\/vc_column_text][\/vc_column][\/vc_row][vc_row][vc_column width=&#8221;1\/1&#8243;][\/vc_column][\/vc_row][vc_row][vc_column width=&#8221;1\/2&#8243;][vc_column_text] Porkala udd, Kyrksl\u00e4tt, Finland &#8220;Jag har gjort m\u00e5nga fotoutflykter till Porkala med mina v\u00e4nner. I januari 2014 hade vi tur med v\u00e4dret och ljuset!&#8221; Vintertiden \u00e4r kontrasternas tid. Is och sn\u00f6 skapar ett enformigt landskap&#8230;<\/p>\n","protected":false},"author":2,"featured_media":0,"parent":0,"menu_order":7,"comment_status":"open","ping_status":"open","template":"","meta":{"footnotes":""},"acf":[],"_links":{"self":[{"href":"https:\/\/svenskanu.fi\/laromaterial\/nordiskalandskap\/wp-json\/wp\/v2\/pages\/4109"}],"collection":[{"href":"https:\/\/svenskanu.fi\/laromaterial\/nordiskalandskap\/wp-json\/wp\/v2\/pages"}],"about":[{"href":"https:\/\/svenskanu.fi\/laromaterial\/nordiskalandskap\/wp-json\/wp\/v2\/types\/page"}],"author":[{"embeddable":true,"href":"https:\/\/svenskanu.fi\/laromaterial\/nordiskalandskap\/wp-json\/wp\/v2\/users\/2"}],"replies":[{"embeddable":true,"href":"https:\/\/svenskanu.fi\/laromaterial\/nordiskalandskap\/wp-json\/wp\/v2\/comments?post=4109"}],"version-history":[{"count":15,"href":"https:\/\/svenskanu.fi\/laromaterial\/nordiskalandskap\/wp-json\/wp\/v2\/pages\/4109\/revisions"}],"predecessor-version":[{"id":4503,"href":"https:\/\/svenskanu.fi\/laromaterial\/nordiskalandskap\/wp-json\/wp\/v2\/pages\/4109\/revisions\/4503"}],"wp:attachment":[{"href":"https:\/\/svenskanu.fi\/laromaterial\/nordiskalandskap\/wp-json\/wp\/v2\/media?parent=4109"}],"curies":[{"name":"wp","href":"https:\/\/api.w.org\/{rel}","templated":true}]}}