{"id":9,"date":"2018-03-21T08:04:18","date_gmt":"2018-03-21T08:04:18","guid":{"rendered":"http:\/\/sprakberikande.svenskanu.fi\/?page_id=9"},"modified":"2023-07-05T11:25:35","modified_gmt":"2023-07-05T11:25:35","slug":"home","status":"publish","type":"page","link":"https:\/\/svenskanu.fi\/laromaterial\/sprakberikadundervisning\/","title":{"rendered":"Home"},"content":{"rendered":"<section class=\"wpb-content-wrapper\"><p>[vc_row row_type=&#8221;row&#8221; use_row_as_full_screen_section=&#8221;no&#8221; type=&#8221;full_width&#8221; angled_section=&#8221;no&#8221; text_align=&#8221;left&#8221; background_image_as_pattern=&#8221;without_pattern&#8221;][vc_column][vc_separator type=&#8221;small&#8221; position=&#8221;center&#8221; width=&#8221;200&#8243; up=&#8221;100&#8243; down=&#8221;100&#8243;][\/vc_column][\/vc_row][vc_row row_type=&#8221;row&#8221; use_row_as_full_screen_section=&#8221;no&#8221; type=&#8221;grid&#8221; angled_section=&#8221;no&#8221; text_align=&#8221;left&#8221; background_image_as_pattern=&#8221;without_pattern&#8221; z_index=&#8221;&#8221;][vc_column][vc_column_text]Ett nytt l\u00e4romaterialpaket som erbjuder id\u00e9er och inspiration till svenskundervisning i l\u00e5gstadiet.<\/p>\n<p>&nbsp;<\/p>\n<p>Materialet som \u00e4r avsett till st\u00f6d f\u00f6r planeringen av undervisningen best\u00e5r av 15 olika temahelheter: h\u00e4lsningsfraser, r\u00e4kneord, familj, f\u00e4rger, boende, kl\u00e4der, mat och m\u00e5ltider, kroppsdelar, djur, resor, hobbyer, tid, skola, h\u00f6gtider, musik och filmer.<\/p>\n<p>&nbsp;<\/p>\n<p>Helheterna inneh\u00e5ller tips p\u00e5 lektionsaktiviteter och vokabul\u00e4r, nyttiga l\u00e4nkar, diskussionsf\u00f6rslag och id\u00e9er f\u00f6r \u00e4mnesintegrering samt information om svensk, finlandssvensk eller nordisk kultur. Till temahelheterna h\u00f6r ocks\u00e5 kopieringsunderlag av \u00f6vningar och spel som kan anv\u00e4ndas i undervisningen.[\/vc_column_text][\/vc_column][\/vc_row][vc_row row_type=&#8221;row&#8221; use_row_as_full_screen_section=&#8221;no&#8221; type=&#8221;full_width&#8221; angled_section=&#8221;no&#8221; text_align=&#8221;left&#8221; background_image_as_pattern=&#8221;without_pattern&#8221;][vc_column][vc_separator type=&#8221;small&#8221; position=&#8221;center&#8221; width=&#8221;200&#8243; up=&#8221;100&#8243; down=&#8221;100&#8243;][\/vc_column][\/vc_row][vc_row row_type=&#8221;row&#8221; use_row_as_full_screen_section=&#8221;no&#8221; type=&#8221;grid&#8221; angled_section=&#8221;no&#8221; text_align=&#8221;left&#8221; background_image_as_pattern=&#8221;without_pattern&#8221; z_index=&#8221;&#8221;][vc_column][vc_column_text][\/vc_column_text][vc_empty_space][vc_column_text]<\/p>\n<h3><a href=\"http:\/\/svenskanu.fi\/laromaterial\/sprakberikadundervisning\/hej-trevligt-att-traffas\/\">1. Hej, trevligt att tr\u00e4ffas<\/a><\/h3>\n<p>[\/vc_column_text][vc_empty_space][vc_column_text]<\/p>\n<h3><a href=\"http:\/\/svenskanu.fi\/laromaterial\/sprakberikadundervisning\/hur-langt-kan-du-rakna\/\">2. Hur l\u00e5ngt kan du r\u00e4kna?<\/a><\/h3>\n<p>[\/vc_column_text][vc_empty_space][vc_column_text]<\/p>\n<h3><a href=\"http:\/\/svenskanu.fi\/laromaterial\/sprakberikadundervisning\/familjen-ar-bast\/\">3. Familjen \u00e4r b\u00e4st!<\/a><\/h3>\n<p>[\/vc_column_text][vc_empty_space][vc_column_text]<\/p>\n<h3><a href=\"http:\/\/svenskanu.fi\/laromaterial\/sprakberikadundervisning\/alla-farger-pa-regnbagen\/\">4.\u00a0\u00a0Alla f\u00e4rger p\u00e5 regnb\u00e5gen<\/a><\/h3>\n<p>[\/vc_column_text][vc_empty_space][vc_column_text]<\/p>\n<h3><a href=\"http:\/\/svenskanu.fi\/laromaterial\/sprakberikadundervisning\/sa-har-bor-vi\/\">5.\u00a0S\u00e5 h\u00e4r bor vi<\/a><\/h3>\n<p>[\/vc_column_text][vc_empty_space][vc_column_text]<\/p>\n<h3><a href=\"http:\/\/svenskanu.fi\/laromaterial\/sprakberikadundervisning\/vad-har-du-pa-dig\/\">6.\u00a0Vad har du p\u00e5 dig?<\/a><\/h3>\n<p>[\/vc_column_text][vc_empty_space][vc_column_text]<\/p>\n<h3><a href=\"http:\/\/svenskanu.fi\/laromaterial\/sprakberikadundervisning\/smaklig-maltid\/\">7.\u00a0Smaklig m\u00e5ltid<\/a><\/h3>\n<p>[\/vc_column_text][vc_empty_space][vc_column_text]<\/p>\n<h3><a href=\"http:\/\/svenskanu.fi\/laromaterial\/sprakberikadundervisning\/huvud-axlar-knan-och-tar\/\">8.\u00a0Huvud, axlar, kn\u00e4n och t\u00e5r<\/a><\/h3>\n<p>[\/vc_column_text][vc_empty_space][vc_column_text]<\/p>\n<h3><a href=\"http:\/\/svenskanu.fi\/laromaterial\/sprakberikadundervisning\/hur-manga-taggar-har-igelkotten\/\">9.\u00a0Hur m\u00e5nga taggar har igelkotten?<\/a><\/h3>\n<p>[\/vc_column_text][vc_empty_space][vc_column_text]<\/p>\n<h3><a href=\"http:\/\/svenskanu.fi\/laromaterial\/sprakberikadundervisning\/nu-reser-vi\/\">10.\u00a0Nu reser vi!<\/a><\/h3>\n<p>[\/vc_column_text][vc_empty_space][vc_column_text]<\/p>\n<h3><a href=\"http:\/\/svenskanu.fi\/laromaterial\/sprakberikadundervisning\/heja-heja-heja\/\">11.\u00a0Heja, heja, heja!<\/a><\/h3>\n<p>[\/vc_column_text][vc_empty_space][vc_column_text]<\/p>\n<h3><a href=\"http:\/\/svenskanu.fi\/laromaterial\/sprakberikadundervisning\/klockan-runt-aret-runt\/\">12.\u00a0Klockan runt, \u00e5ret runt<\/a><\/h3>\n<p>[\/vc_column_text][vc_empty_space][vc_column_text]<\/p>\n<h3><a href=\"http:\/\/svenskanu.fi\/laromaterial\/sprakberikadundervisning\/skolan-ar-skoj\/\">13.\u00a0Skolan \u00e4r skoj<\/a><\/h3>\n<p>[\/vc_column_text][vc_empty_space][vc_column_text]<\/p>\n<h3><a href=\"http:\/\/svenskanu.fi\/laromaterial\/sprakberikadundervisning\/dags-att-fira\/\">14.\u00a0Dags att fira!<\/a><\/h3>\n<p>[\/vc_column_text][vc_empty_space][vc_column_text]<\/p>\n<h3><a href=\"http:\/\/svenskanu.fi\/laromaterial\/sprakberikadundervisning\/har-du-hort-har-du-sett\/\">15.\u00a0Har du h\u00f6rt, har du sett?<\/a><\/h3>\n<p>[\/vc_column_text][\/vc_column][\/vc_row][vc_row row_type=&#8221;row&#8221; use_row_as_full_screen_section=&#8221;no&#8221; type=&#8221;full_width&#8221; angled_section=&#8221;no&#8221; text_align=&#8221;left&#8221; background_image_as_pattern=&#8221;without_pattern&#8221;][vc_column][vc_separator type=&#8221;small&#8221; position=&#8221;center&#8221; width=&#8221;200&#8243; up=&#8221;100&#8243; down=&#8221;100&#8243;][\/vc_column][\/vc_row][vc_row row_type=&#8221;row&#8221; use_row_as_full_screen_section=&#8221;no&#8221; type=&#8221;grid&#8221; angled_section=&#8221;no&#8221; text_align=&#8221;left&#8221; background_image_as_pattern=&#8221;without_pattern&#8221; z_index=&#8221;&#8221; css=&#8221;.vc_custom_1521626839581{padding-bottom: 100px !important;}&#8221;][vc_column width=&#8221;1\/4&#8243;][\/vc_column][vc_column width=&#8221;1\/2&#8243;][vc_column_text]<\/p>\n<p style=\"text-align: center;\"><span style=\"color: #00aeef;\">MATERIALET HAR PRODUCERATS MED ST\u00d6D AV UNDERST\u00d6DSSTIFTELSEN F\u00d6R ARBETETS V\u00c4NNER HUVUDF\u00d6RENINGEN SR OCH SVENSKA LITTERATURS\u00c4LLSKAPET I FINLAND.<\/span><\/p>\n<p>[\/vc_column_text][vc_single_image image=&#8221;32&#8243; img_size=&#8221;full&#8221; alignment=&#8221;center&#8221; qode_css_animation=&#8221;&#8221;][\/vc_column][vc_column width=&#8221;1\/4&#8243;][\/vc_column][\/vc_row]<\/p>\n<\/section>","protected":false},"excerpt":{"rendered":"<p>[vc_row row_type=&#8221;row&#8221; use_row_as_full_screen_section=&#8221;no&#8221; type=&#8221;full_width&#8221; angled_section=&#8221;no&#8221; text_align=&#8221;left&#8221; background_image_as_pattern=&#8221;without_pattern&#8221;][vc_column][vc_separator type=&#8221;small&#8221; position=&#8221;center&#8221; width=&#8221;200&#8243; up=&#8221;100&#8243; down=&#8221;100&#8243;][\/vc_column][\/vc_row][vc_row row_type=&#8221;row&#8221; use_row_as_full_screen_section=&#8221;no&#8221; type=&#8221;grid&#8221; angled_section=&#8221;no&#8221; text_align=&#8221;left&#8221; background_image_as_pattern=&#8221;without_pattern&#8221; z_index=&#8221;&#8221;][vc_column][vc_column_text]Ett nytt l\u00e4romaterialpaket som erbjuder id\u00e9er och inspiration till svenskundervisning i l\u00e5gstadiet. &nbsp; Materialet som \u00e4r avsett till st\u00f6d f\u00f6r planeringen av undervisningen best\u00e5r av 15 olika&#8230;<\/p>\n","protected":false},"author":1,"featured_media":0,"parent":0,"menu_order":0,"comment_status":"closed","ping_status":"closed","template":"full_width.php","meta":[],"_links":{"self":[{"href":"https:\/\/svenskanu.fi\/laromaterial\/sprakberikadundervisning\/wp-json\/wp\/v2\/pages\/9"}],"collection":[{"href":"https:\/\/svenskanu.fi\/laromaterial\/sprakberikadundervisning\/wp-json\/wp\/v2\/pages"}],"about":[{"href":"https:\/\/svenskanu.fi\/laromaterial\/sprakberikadundervisning\/wp-json\/wp\/v2\/types\/page"}],"author":[{"embeddable":true,"href":"https:\/\/svenskanu.fi\/laromaterial\/sprakberikadundervisning\/wp-json\/wp\/v2\/users\/1"}],"replies":[{"embeddable":true,"href":"https:\/\/svenskanu.fi\/laromaterial\/sprakberikadundervisning\/wp-json\/wp\/v2\/comments?post=9"}],"version-history":[{"count":10,"href":"https:\/\/svenskanu.fi\/laromaterial\/sprakberikadundervisning\/wp-json\/wp\/v2\/pages\/9\/revisions"}],"predecessor-version":[{"id":445,"href":"https:\/\/svenskanu.fi\/laromaterial\/sprakberikadundervisning\/wp-json\/wp\/v2\/pages\/9\/revisions\/445"}],"wp:attachment":[{"href":"https:\/\/svenskanu.fi\/laromaterial\/sprakberikadundervisning\/wp-json\/wp\/v2\/media?parent=9"}],"curies":[{"name":"wp","href":"https:\/\/api.w.org\/{rel}","templated":true}]}}