{"id":1896,"date":"2020-09-24T09:59:29","date_gmt":"2020-09-24T09:59:29","guid":{"rendered":"https:\/\/svenskanu.fi\/laromaterial\/?page_id=1896"},"modified":"2024-02-05T09:17:27","modified_gmt":"2024-02-05T09:17:27","slug":"suomeksi","status":"publish","type":"page","link":"https:\/\/svenskanu.fi\/laromaterial\/suomeksi\/","title":{"rendered":"Suomeksi"},"content":{"rendered":"\t\t<div data-elementor-type=\"wp-page\" data-elementor-id=\"1896\" class=\"elementor elementor-1896\" data-elementor-post-type=\"page\">\n\t\t\t\t\t\t<section class=\"elementor-section elementor-top-section elementor-element elementor-element-4853ebc elementor-section-full_width elementor-section-height-min-height elementor-section-height-default elementor-section-items-middle parallax_section_no qode_elementor_container_no\" data-id=\"4853ebc\" data-element_type=\"section\" data-e-type=\"section\" data-settings=\"{&quot;background_background&quot;:&quot;classic&quot;}\">\n\t\t\t\t\t\t<div class=\"elementor-container elementor-column-gap-no\">\n\t\t\t\t\t<div class=\"elementor-column elementor-col-100 elementor-top-column elementor-element elementor-element-37a973b\" data-id=\"37a973b\" data-element_type=\"column\" data-e-type=\"column\">\n\t\t\t<div class=\"elementor-widget-wrap elementor-element-populated\">\n\t\t\t\t\t\t<section class=\"elementor-section elementor-inner-section elementor-element elementor-element-abedb3a elementor-section-boxed elementor-section-height-default elementor-section-height-default parallax_section_no qode_elementor_container_no\" data-id=\"abedb3a\" data-element_type=\"section\" data-e-type=\"section\">\n\t\t\t\t\t\t<div class=\"elementor-container elementor-column-gap-no\">\n\t\t\t\t\t<div class=\"elementor-column elementor-col-100 elementor-inner-column elementor-element elementor-element-be40b44\" data-id=\"be40b44\" data-element_type=\"column\" data-e-type=\"column\">\n\t\t\t<div class=\"elementor-widget-wrap elementor-element-populated\">\n\t\t\t\t\t\t<div class=\"elementor-element elementor-element-447030a elementor-widget elementor-widget-heading\" data-id=\"447030a\" data-element_type=\"widget\" data-e-type=\"widget\" data-widget_type=\"heading.default\">\n\t\t\t\t<div class=\"elementor-widget-container\">\n\t\t\t\t\t<h4 class=\"elementor-heading-title elementor-size-small\">Suomeksi<\/h4>\t\t\t\t<\/div>\n\t\t\t\t<\/div>\n\t\t\t\t\t<\/div>\n\t\t<\/div>\n\t\t\t\t\t<\/div>\n\t\t<\/section>\n\t\t\t\t\t<\/div>\n\t\t<\/div>\n\t\t\t\t\t<\/div>\n\t\t<\/section>\n\t\t\t\t<section class=\"elementor-section elementor-top-section elementor-element elementor-element-1e1be039 elementor-section-full_width elementor-section-height-default elementor-section-height-default parallax_section_no qode_elementor_container_no\" data-id=\"1e1be039\" data-element_type=\"section\" data-e-type=\"section\" data-settings=\"{&quot;background_background&quot;:&quot;classic&quot;}\">\n\t\t\t\t\t\t\t<div class=\"elementor-background-overlay\"><\/div>\n\t\t\t\t\t\t\t<div class=\"elementor-container elementor-column-gap-no\">\n\t\t\t\t\t<div class=\"elementor-column elementor-col-100 elementor-top-column elementor-element elementor-element-cf66e07\" data-id=\"cf66e07\" data-element_type=\"column\" data-e-type=\"column\">\n\t\t\t<div class=\"elementor-widget-wrap elementor-element-populated\">\n\t\t\t\t\t\t<section class=\"elementor-section elementor-inner-section elementor-element elementor-element-783f0efe elementor-section-boxed elementor-section-height-default elementor-section-height-default parallax_section_no qode_elementor_container_no\" data-id=\"783f0efe\" data-element_type=\"section\" data-e-type=\"section\">\n\t\t\t\t\t\t<div class=\"elementor-container elementor-column-gap-no\">\n\t\t\t\t\t<div class=\"elementor-column elementor-col-100 elementor-inner-column elementor-element elementor-element-4f35c948\" data-id=\"4f35c948\" data-element_type=\"column\" data-e-type=\"column\">\n\t\t\t<div class=\"elementor-widget-wrap elementor-element-populated\">\n\t\t\t\t\t\t<div class=\"elementor-element elementor-element-d0c3bee elementor-widget elementor-widget-spacer\" data-id=\"d0c3bee\" data-element_type=\"widget\" data-e-type=\"widget\" data-widget_type=\"spacer.default\">\n\t\t\t\t<div class=\"elementor-widget-container\">\n\t\t\t\t\t\t\t<div class=\"elementor-spacer\">\n\t\t\t<div class=\"elementor-spacer-inner\"><\/div>\n\t\t<\/div>\n\t\t\t\t\t\t<\/div>\n\t\t\t\t<\/div>\n\t\t\t\t<div class=\"elementor-element elementor-element-79c2988 elementor-widget elementor-widget-text-editor\" data-id=\"79c2988\" data-element_type=\"widget\" data-e-type=\"widget\" data-widget_type=\"text-editor.default\">\n\t\t\t\t<div class=\"elementor-widget-container\">\n\t\t\t\t\t\t\t\t\t<h4><strong>Plugga nu<\/strong> on Svenska nu-verkoston oppimateriaalisivusto, joka tarjoaa maksutonta ruotsinkielist\u00e4 oppimateriaalia koulujen k\u00e4ytt\u00f6\u00f6n.<\/h4><h4>Svenska nu-verkosto tukee toisen kotimaisen kielen opetusta Suomessa sek\u00e4 nostaa esille kulttuuriel\u00e4mysten roolin ja merkityksen kielten opetuksessa.\u00a0<\/h4><h4>\u00a0<\/h4><h4>Plugga nu-sivuilta l\u00f6yd\u00e4t paljon erilaista oppimateriaalia sek\u00e4 ainerajat ylitt\u00e4vi\u00e4 kokonaisuuksia, joita voidaan hy\u00f6dynt\u00e4\u00e4 toisen kotimaisen kielen opetuksessa alakoulusta korkeakouluun. Osa oppimateriaalista soveltuu my\u00f6s itsen\u00e4iseen opiskeluun.\u00a0<\/h4><h4>Materiaalit ovat saatavilla digitaalisessa muodossa tai helposti tulostettavissa opetusk\u00e4ytt\u00f6\u00f6n.<\/h4><h4>\u00a0<\/h4><h4>Materiaaleja saa jakaa, esitt\u00e4\u00e4 ja muokata ei-kaupallisiin tarkoituksiin mutta muutoksia ei saa julkaista uudella lisenssill\u00e4.<\/h4><h4>Kaikki sivun materiaalit ovat maksutta hy\u00f6dynnett\u00e4viss\u00e4 ei-kaupallisiin opetustarkoituksiin.<\/h4><h4>\u00a0<\/h4><h4>\u00a0<\/h4>\t\t\t\t\t\t\t\t<\/div>\n\t\t\t\t<\/div>\n\t\t\t\t<div class=\"elementor-element elementor-element-9533e34 elementor-widget elementor-widget-spacer\" data-id=\"9533e34\" data-element_type=\"widget\" data-e-type=\"widget\" data-widget_type=\"spacer.default\">\n\t\t\t\t<div class=\"elementor-widget-container\">\n\t\t\t\t\t\t\t<div class=\"elementor-spacer\">\n\t\t\t<div class=\"elementor-spacer-inner\"><\/div>\n\t\t<\/div>\n\t\t\t\t\t\t<\/div>\n\t\t\t\t<\/div>\n\t\t\t\t<div class=\"elementor-element elementor-element-de7dc0a elementor-widget elementor-widget-spacer\" data-id=\"de7dc0a\" data-element_type=\"widget\" data-e-type=\"widget\" data-widget_type=\"spacer.default\">\n\t\t\t\t<div class=\"elementor-widget-container\">\n\t\t\t\t\t\t\t<div class=\"elementor-spacer\">\n\t\t\t<div class=\"elementor-spacer-inner\"><\/div>\n\t\t<\/div>\n\t\t\t\t\t\t<\/div>\n\t\t\t\t<\/div>\n\t\t\t\t\t<\/div>\n\t\t<\/div>\n\t\t\t\t\t<\/div>\n\t\t<\/section>\n\t\t\t\t\t<\/div>\n\t\t<\/div>\n\t\t\t\t\t<\/div>\n\t\t<\/section>\n\t\t\t\t<section class=\"elementor-section elementor-top-section elementor-element elementor-element-489fdc0a elementor-section-full_width elementor-section-height-default elementor-section-height-default parallax_section_no qode_elementor_container_no\" data-id=\"489fdc0a\" data-element_type=\"section\" data-e-type=\"section\" data-settings=\"{&quot;background_background&quot;:&quot;classic&quot;}\">\n\t\t\t\t\t\t<div class=\"elementor-container elementor-column-gap-no\">\n\t\t\t\t\t<div class=\"elementor-column elementor-col-100 elementor-top-column elementor-element elementor-element-6a54041b\" data-id=\"6a54041b\" data-element_type=\"column\" data-e-type=\"column\">\n\t\t\t<div class=\"elementor-widget-wrap\">\n\t\t\t\t\t\t\t<\/div>\n\t\t<\/div>\n\t\t\t\t\t<\/div>\n\t\t<\/section>\n\t\t\t\t<\/div>\n\t\t","protected":false},"excerpt":{"rendered":"<p>Suomeksi Plugga nu on Svenska nu-verkoston oppimateriaalisivusto, joka tarjoaa maksutonta ruotsinkielist\u00e4 oppimateriaalia koulujen k\u00e4ytt\u00f6\u00f6n. Svenska nu-verkosto tukee toisen kotimaisen kielen opetusta Suomessa sek\u00e4 nostaa esille&#8230;<\/p>\n","protected":false},"author":3,"featured_media":0,"parent":0,"menu_order":0,"comment_status":"closed","ping_status":"closed","template":"elementor_header_footer","meta":{"footnotes":""},"class_list":["post-1896","page","type-page","status-publish","hentry"],"yoast_head":"<!-- This site is optimized with the Yoast SEO plugin v27.4 - https:\/\/yoast.com\/product\/yoast-seo-wordpress\/ -->\n<title>Suomeksi - Plugga nu<\/title>\n<meta name=\"robots\" content=\"index, follow, max-snippet:-1, max-image-preview:large, max-video-preview:-1\" \/>\n<link rel=\"canonical\" href=\"https:\/\/svenskanu.fi\/laromaterial\/suomeksi\/\" \/>\n<meta property=\"og:locale\" content=\"en_US\" \/>\n<meta property=\"og:type\" content=\"article\" \/>\n<meta property=\"og:title\" content=\"Suomeksi - Plugga nu\" \/>\n<meta property=\"og:description\" content=\"Suomeksi Plugga nu on Svenska nu-verkoston oppimateriaalisivusto, joka tarjoaa maksutonta ruotsinkielist\u00e4 oppimateriaalia koulujen k\u00e4ytt\u00f6\u00f6n. Svenska nu-verkosto tukee toisen kotimaisen kielen opetusta Suomessa sek\u00e4 nostaa esille...\" \/>\n<meta property=\"og:url\" content=\"https:\/\/svenskanu.fi\/laromaterial\/suomeksi\/\" \/>\n<meta property=\"og:site_name\" content=\"Plugga nu\" \/>\n<meta property=\"article:modified_time\" content=\"2024-02-05T09:17:27+00:00\" \/>\n<meta name=\"twitter:card\" content=\"summary_large_image\" \/>\n<meta name=\"twitter:label1\" content=\"Est. reading time\" \/>\n\t<meta name=\"twitter:data1\" content=\"1 minute\" \/>\n<script type=\"application\/ld+json\" class=\"yoast-schema-graph\">{\"@context\":\"https:\\\/\\\/schema.org\",\"@graph\":[{\"@type\":\"WebPage\",\"@id\":\"https:\\\/\\\/svenskanu.fi\\\/laromaterial\\\/suomeksi\\\/\",\"url\":\"https:\\\/\\\/svenskanu.fi\\\/laromaterial\\\/suomeksi\\\/\",\"name\":\"Suomeksi - Plugga nu\",\"isPartOf\":{\"@id\":\"https:\\\/\\\/svenskanu.fi\\\/laromaterial\\\/#website\"},\"datePublished\":\"2020-09-24T09:59:29+00:00\",\"dateModified\":\"2024-02-05T09:17:27+00:00\",\"breadcrumb\":{\"@id\":\"https:\\\/\\\/svenskanu.fi\\\/laromaterial\\\/suomeksi\\\/#breadcrumb\"},\"inLanguage\":\"en-US\",\"potentialAction\":[{\"@type\":\"ReadAction\",\"target\":[\"https:\\\/\\\/svenskanu.fi\\\/laromaterial\\\/suomeksi\\\/\"]}]},{\"@type\":\"BreadcrumbList\",\"@id\":\"https:\\\/\\\/svenskanu.fi\\\/laromaterial\\\/suomeksi\\\/#breadcrumb\",\"itemListElement\":[{\"@type\":\"ListItem\",\"position\":1,\"name\":\"Home\",\"item\":\"https:\\\/\\\/svenskanu.fi\\\/laromaterial\\\/\"},{\"@type\":\"ListItem\",\"position\":2,\"name\":\"Suomeksi\"}]},{\"@type\":\"WebSite\",\"@id\":\"https:\\\/\\\/svenskanu.fi\\\/laromaterial\\\/#website\",\"url\":\"https:\\\/\\\/svenskanu.fi\\\/laromaterial\\\/\",\"name\":\"Plugga nu\",\"description\":\"svenskanu\",\"potentialAction\":[{\"@type\":\"SearchAction\",\"target\":{\"@type\":\"EntryPoint\",\"urlTemplate\":\"https:\\\/\\\/svenskanu.fi\\\/laromaterial\\\/?s={search_term_string}\"},\"query-input\":{\"@type\":\"PropertyValueSpecification\",\"valueRequired\":true,\"valueName\":\"search_term_string\"}}],\"inLanguage\":\"en-US\"}]}<\/script>\n<!-- \/ Yoast SEO plugin. -->","yoast_head_json":{"title":"Suomeksi - Plugga nu","robots":{"index":"index","follow":"follow","max-snippet":"max-snippet:-1","max-image-preview":"max-image-preview:large","max-video-preview":"max-video-preview:-1"},"canonical":"https:\/\/svenskanu.fi\/laromaterial\/suomeksi\/","og_locale":"en_US","og_type":"article","og_title":"Suomeksi - Plugga nu","og_description":"Suomeksi Plugga nu on Svenska nu-verkoston oppimateriaalisivusto, joka tarjoaa maksutonta ruotsinkielist\u00e4 oppimateriaalia koulujen k\u00e4ytt\u00f6\u00f6n. Svenska nu-verkosto tukee toisen kotimaisen kielen opetusta Suomessa sek\u00e4 nostaa esille...","og_url":"https:\/\/svenskanu.fi\/laromaterial\/suomeksi\/","og_site_name":"Plugga nu","article_modified_time":"2024-02-05T09:17:27+00:00","twitter_card":"summary_large_image","twitter_misc":{"Est. reading time":"1 minute"},"schema":{"@context":"https:\/\/schema.org","@graph":[{"@type":"WebPage","@id":"https:\/\/svenskanu.fi\/laromaterial\/suomeksi\/","url":"https:\/\/svenskanu.fi\/laromaterial\/suomeksi\/","name":"Suomeksi - Plugga nu","isPartOf":{"@id":"https:\/\/svenskanu.fi\/laromaterial\/#website"},"datePublished":"2020-09-24T09:59:29+00:00","dateModified":"2024-02-05T09:17:27+00:00","breadcrumb":{"@id":"https:\/\/svenskanu.fi\/laromaterial\/suomeksi\/#breadcrumb"},"inLanguage":"en-US","potentialAction":[{"@type":"ReadAction","target":["https:\/\/svenskanu.fi\/laromaterial\/suomeksi\/"]}]},{"@type":"BreadcrumbList","@id":"https:\/\/svenskanu.fi\/laromaterial\/suomeksi\/#breadcrumb","itemListElement":[{"@type":"ListItem","position":1,"name":"Home","item":"https:\/\/svenskanu.fi\/laromaterial\/"},{"@type":"ListItem","position":2,"name":"Suomeksi"}]},{"@type":"WebSite","@id":"https:\/\/svenskanu.fi\/laromaterial\/#website","url":"https:\/\/svenskanu.fi\/laromaterial\/","name":"Plugga nu","description":"svenskanu","potentialAction":[{"@type":"SearchAction","target":{"@type":"EntryPoint","urlTemplate":"https:\/\/svenskanu.fi\/laromaterial\/?s={search_term_string}"},"query-input":{"@type":"PropertyValueSpecification","valueRequired":true,"valueName":"search_term_string"}}],"inLanguage":"en-US"}]}},"_links":{"self":[{"href":"https:\/\/svenskanu.fi\/laromaterial\/wp-json\/wp\/v2\/pages\/1896","targetHints":{"allow":["GET"]}}],"collection":[{"href":"https:\/\/svenskanu.fi\/laromaterial\/wp-json\/wp\/v2\/pages"}],"about":[{"href":"https:\/\/svenskanu.fi\/laromaterial\/wp-json\/wp\/v2\/types\/page"}],"author":[{"embeddable":true,"href":"https:\/\/svenskanu.fi\/laromaterial\/wp-json\/wp\/v2\/users\/3"}],"replies":[{"embeddable":true,"href":"https:\/\/svenskanu.fi\/laromaterial\/wp-json\/wp\/v2\/comments?post=1896"}],"version-history":[{"count":15,"href":"https:\/\/svenskanu.fi\/laromaterial\/wp-json\/wp\/v2\/pages\/1896\/revisions"}],"predecessor-version":[{"id":8715,"href":"https:\/\/svenskanu.fi\/laromaterial\/wp-json\/wp\/v2\/pages\/1896\/revisions\/8715"}],"wp:attachment":[{"href":"https:\/\/svenskanu.fi\/laromaterial\/wp-json\/wp\/v2\/media?parent=1896"}],"curies":[{"name":"wp","href":"https:\/\/api.w.org\/{rel}","templated":true}]}}